--- LIMPEZA ----

DELETE FROM crm.permissoes_grupos;
DELETE FROM crm.permissoes_usuarios;
DELETE FROM crm.permissoes_sistema;

DELETE FROM crm.personalizacao;
DELETE FROM crm.menusub;
DELETE FROM crm.menutop;
DELETE FROM crm.grupo_menu;


--- INSERT ---

INSERT INTO crm.grupo_menu
(codgrupos_menu, descricao, dthrinsert, usuainsert)
VALUES(43, 'Conf. Avançadas', '2018-07-20 15:02:51.000', 'suporte');
INSERT INTO crm.grupo_menu
(codgrupos_menu, descricao, dthrinsert, usuainsert)
VALUES(42, 'Conf. Básicas', '2018-07-20 14:59:19.000', 'suporte');
INSERT INTO crm.grupo_menu
(codgrupos_menu, descricao, dthrinsert, usuainsert)
VALUES(41, 'Relatórios', '2018-07-20 14:19:08.000', 'suporte');
INSERT INTO crm.grupo_menu
(codgrupos_menu, descricao, dthrinsert, usuainsert)
VALUES(39, 'Real Time', '2018-07-19 18:07:39.000', 'suporte');
INSERT INTO crm.grupo_menu
(codgrupos_menu, descricao, dthrinsert, usuainsert)
VALUES(38, 'Configurações', '2018-07-19 18:07:28.000', 'suporte');
INSERT INTO crm.grupo_menu
(codgrupos_menu, descricao, dthrinsert, usuainsert)
VALUES(37, 'Usuários', '2018-07-19 18:06:55.000', 'suporte');
INSERT INTO crm.grupo_menu
(codgrupos_menu, descricao, dthrinsert, usuainsert)
VALUES(36, 'Multicanal', '2017-06-12 08:07:51.000', 'suporte');
INSERT INTO crm.grupo_menu
(codgrupos_menu, descricao, dthrinsert, usuainsert)
VALUES(35, 'Chat Interno', '2016-12-05 11:13:16.000', 'smart');
INSERT INTO crm.grupo_menu
(codgrupos_menu, descricao, dthrinsert, usuainsert)
VALUES(34, 'Chat Externo', '2016-11-29 09:46:43.000', 'smart');
INSERT INTO crm.grupo_menu
(codgrupos_menu, descricao, dthrinsert, usuainsert)
VALUES(33, 'Integrações', '2016-11-18 16:04:01.000', 'smart');
INSERT INTO crm.grupo_menu
(codgrupos_menu, descricao, dthrinsert, usuainsert)
VALUES(32, 'Relatório Automático', '2016-06-22 10:24:50.000', 'smart');
INSERT INTO crm.grupo_menu
(codgrupos_menu, descricao, dthrinsert, usuainsert)
VALUES(31, 'Gravações', '2016-06-06 11:35:50.000', 'smart');
INSERT INTO crm.grupo_menu
(codgrupos_menu, descricao, dthrinsert, usuainsert)
VALUES(30, 'Metas', '2016-04-29 17:15:47.000', 'daniel.cintra');
INSERT INTO crm.grupo_menu
(codgrupos_menu, descricao, dthrinsert, usuainsert)
VALUES(29, 'Colaboradores', '2016-02-12 10:38:55.000', 'smart');
INSERT INTO crm.grupo_menu
(codgrupos_menu, descricao, dthrinsert, usuainsert)
VALUES(28, 'Ticket', '2015-09-21 19:00:25.000', 'smart');
INSERT INTO crm.grupo_menu
(codgrupos_menu, descricao, dthrinsert, usuainsert)
VALUES(27, 'Ged', '2015-07-28 11:57:54.000', 'smart');
INSERT INTO crm.grupo_menu
(codgrupos_menu, descricao, dthrinsert, usuainsert)
VALUES(26, 'Formulários', '2015-06-03 08:40:12.000', 'smart');
INSERT INTO crm.grupo_menu
(codgrupos_menu, descricao, dthrinsert, usuainsert)
VALUES(25, 'Atualização', '2015-03-13 10:12:44.000', 'smart');
INSERT INTO crm.grupo_menu
(codgrupos_menu, descricao, dthrinsert, usuainsert)
VALUES(24, 'Inventário', '2015-03-05 13:19:42.000', 'smart');
INSERT INTO crm.grupo_menu
(codgrupos_menu, descricao, dthrinsert, usuainsert)
VALUES(23, 'PBX', '2015-02-12 09:30:05.000', 'smart');
INSERT INTO crm.grupo_menu
(codgrupos_menu, descricao, dthrinsert, usuainsert)
VALUES(22, 'Ramal', '2014-11-21 11:39:10.000', 'smart');
INSERT INTO crm.grupo_menu
(codgrupos_menu, descricao, dthrinsert, usuainsert)
VALUES(21, 'Projetos', '2014-10-03 15:23:36.000', 'smart');
INSERT INTO crm.grupo_menu
(codgrupos_menu, descricao, dthrinsert, usuainsert)
VALUES(20, 'Financeiro', '2014-08-26 08:15:35.000', 'smart');
INSERT INTO crm.grupo_menu
(codgrupos_menu, descricao, dthrinsert, usuainsert)
VALUES(19, 'Chamadas', '2014-08-15 15:38:16.000', 'smart');
INSERT INTO crm.grupo_menu
(codgrupos_menu, descricao, dthrinsert, usuainsert)
VALUES(18, 'SMS', '2014-08-07 15:19:21.000', 'smart');
INSERT INTO crm.grupo_menu
(codgrupos_menu, descricao, dthrinsert, usuainsert)
VALUES(17, 'Remessa', '2014-08-06 17:35:40.000', 'smart');
INSERT INTO crm.grupo_menu
(codgrupos_menu, descricao, dthrinsert, usuainsert)
VALUES(16, 'Cobrança', '2014-07-19 11:31:33.000', 'smart');
INSERT INTO crm.grupo_menu
(codgrupos_menu, descricao, dthrinsert, usuainsert)
VALUES(15, 'Contratos', '2014-07-19 11:31:21.000', 'smart');
INSERT INTO crm.grupo_menu
(codgrupos_menu, descricao, dthrinsert, usuainsert)
VALUES(14, 'Monitorar', '2014-07-11 16:59:59.000', 'smart');
INSERT INTO crm.grupo_menu
(codgrupos_menu, descricao, dthrinsert, usuainsert)
VALUES(12, 'Status', '2014-03-31 10:47:45.000', 'smart');
INSERT INTO crm.grupo_menu
(codgrupos_menu, descricao, dthrinsert, usuainsert)
VALUES(11, 'Call Center', '2013-10-08 17:09:29.000', 'smart');
INSERT INTO crm.grupo_menu
(codgrupos_menu, descricao, dthrinsert, usuainsert)
VALUES(10, 'Terminal', '2013-09-06 13:54:53.000', 'smart');
INSERT INTO crm.grupo_menu
(codgrupos_menu, descricao, dthrinsert, usuainsert)
VALUES(9, 'Viabilidade', '2013-07-15 11:27:49.000', 'smart');
INSERT INTO crm.grupo_menu
(codgrupos_menu, descricao, dthrinsert, usuainsert)
VALUES(8, 'Importações', '2013-07-02 19:04:10.000', 'smart');
INSERT INTO crm.grupo_menu
(codgrupos_menu, descricao, dthrinsert, usuainsert)
VALUES(7, 'Acionamentos', '2013-07-02 18:59:54.000', 'smart');
INSERT INTO crm.grupo_menu
(codgrupos_menu, descricao, dthrinsert, usuainsert)
VALUES(6, 'Pedidos', '2013-06-09 15:01:32.000', 'manager');
INSERT INTO crm.grupo_menu
(codgrupos_menu, descricao, dthrinsert, usuainsert)
VALUES(5, 'Gráficos', '2012-06-15 13:03:16.000', 'manager');
INSERT INTO crm.grupo_menu
(codgrupos_menu, descricao, dthrinsert, usuainsert)
VALUES(4, 'Campanhas', '2012-05-25 12:05:11.000', 'manager');
INSERT INTO crm.grupo_menu
(codgrupos_menu, descricao, dthrinsert, usuainsert)
VALUES(3, 'Conf. Complementares', '2012-05-07 10:02:36.000', 'manager');
INSERT INTO crm.grupo_menu
(codgrupos_menu, descricao, dthrinsert, usuainsert)
VALUES(2, 'Produtos', NULL, '');
INSERT INTO crm.grupo_menu
(codgrupos_menu, descricao, dthrinsert, usuainsert)
VALUES(1, 'Cadastros', '2012-04-23 13:40:59.000', 'manager');


ALTER TABLE crm.menutop ADD COLUMN ordem integer;
COMMENT ON COLUMN crm.menutop.ordem IS '::ordem::::::::::::nao::::::::::::';

ALTER TABLE crm.menutop ADD COLUMN img_icon character varying(250);
COMMENT ON COLUMN crm.menutop.img_icon IS '::img_icon::::::::::::nao::::::::::::';


INSERT INTO crm.menutop
(cod_menutop, descricao, habilitar, ordem, img_icon)
VALUES(14, 'Chat', 0, 8, 'icon_multicanal.png');
INSERT INTO crm.menutop
(cod_menutop, descricao, habilitar, ordem, img_icon)
VALUES(13, 'Tickets', 0, 7, 'icon_ticket.png');
INSERT INTO crm.menutop
(cod_menutop, descricao, habilitar, ordem, img_icon)
VALUES(12, 'Cliente', 0, 2, 'icon_clientes.png');
INSERT INTO crm.menutop
(cod_menutop, descricao, habilitar, ordem, img_icon)
VALUES(11, 'PBX', 1, 4, 'icon_pbx.png');
INSERT INTO crm.menutop
(cod_menutop, descricao, habilitar, ordem, img_icon)
VALUES(10, 'Pedidos', 0, 6, 'icon_pedidos.png');
INSERT INTO crm.menutop
(cod_menutop, descricao, habilitar, ordem, img_icon)
VALUES(9, 'chat', 0, 13, 'btn_chat.png');
INSERT INTO crm.menutop
(cod_menutop, descricao, habilitar, ordem, img_icon)
VALUES(7, 'Call Center', 1, 5, 'icon_callcenter.png');
INSERT INTO crm.menutop
(cod_menutop, descricao, habilitar, ordem, img_icon)
VALUES(6, 'Personalização', 1, 11, 'btn_config.png');
INSERT INTO crm.menutop
(cod_menutop, descricao, habilitar, ordem, img_icon)
VALUES(5, 'Relatórios', 0, 10, 'btn_relatorios.png');
INSERT INTO crm.menutop
(cod_menutop, descricao, habilitar, ordem, img_icon)
VALUES(4, 'Atividades', 1, 12, 'btn_atv.png');
INSERT INTO crm.menutop
(cod_menutop, descricao, habilitar, ordem, img_icon)
VALUES(3, 'Movimentação', 1, 9, 'btn_processos.png');
INSERT INTO crm.menutop
(cod_menutop, descricao, habilitar, ordem, img_icon)
VALUES(2, 'Cadastros', 0, 3, 'btn_cadastros.png');
INSERT INTO crm.menutop
(cod_menutop, descricao, habilitar, ordem, img_icon)
VALUES(1, 'Administração', 1, 1, 'icon_adimin.png');


INSERT INTO crm.menusub
(cod_menusub, cod_menutop, descricao, modulovar, nivel, habilitar, mobile, codgrupo_menu, id_frm, exibir_menu, configuracao, id_perfis_acesso)
VALUES(505, 7, 'Análise de agentes', 'ModRelCallCenterAgentes', 4, 1, 0, 41, NULL, 1, NULL, '{}');
INSERT INTO crm.menusub
(cod_menusub, cod_menutop, descricao, modulovar, nivel, habilitar, mobile, codgrupo_menu, id_frm, exibir_menu, configuracao, id_perfis_acesso)
VALUES(504, 7, 'Discador', 'ModRelGraficoDiscadorNew', 4, 1, 0, 5, NULL, 1, NULL, '{}');
INSERT INTO crm.menusub
(cod_menusub, cod_menutop, descricao, modulovar, nivel, habilitar, mobile, codgrupo_menu, id_frm, exibir_menu, configuracao, id_perfis_acesso)
VALUES(503, 7, 'Tabulação Lead', 'ModTabulacaoLead', 4, 1, 0, 38, NULL, 1, NULL, '{1}');
INSERT INTO crm.menusub
(cod_menusub, cod_menutop, descricao, modulovar, nivel, habilitar, mobile, codgrupo_menu, id_frm, exibir_menu, configuracao, id_perfis_acesso)
VALUES(502, 7, 'Campos Lead', 'ModConfiguracaoLead', 4, 1, 0, 38, NULL, 1, NULL, '{1}');
INSERT INTO crm.menusub
(cod_menusub, cod_menutop, descricao, modulovar, nivel, habilitar, mobile, codgrupo_menu, id_frm, exibir_menu, configuracao, id_perfis_acesso)
VALUES(501, 11, NULL, NULL, NULL, NULL, 0, NULL, NULL, 1, NULL, NULL);
INSERT INTO crm.menusub
(cod_menusub, cod_menutop, descricao, modulovar, nivel, habilitar, mobile, codgrupo_menu, id_frm, exibir_menu, configuracao, id_perfis_acesso)
VALUES(500, 14, 'Histórico de Ações', 'ModHistoricoOperadorChat', 4, 1, 0, 34, 113, 1, NULL, NULL);
INSERT INTO crm.menusub
(cod_menusub, cod_menutop, descricao, modulovar, nivel, habilitar, mobile, codgrupo_menu, id_frm, exibir_menu, configuracao, id_perfis_acesso)
VALUES(499, 7, 'Pesquisas Analítico', 'ModRelPesquisaAnalitico', 4, 0, 0, 41, NULL, 0, NULL, '{}');
INSERT INTO crm.menusub
(cod_menusub, cod_menutop, descricao, modulovar, nivel, habilitar, mobile, codgrupo_menu, id_frm, exibir_menu, configuracao, id_perfis_acesso)
VALUES(498, 7, 'Histórico de Avaliações', 'ModHistoricoMRespostas', 4, 0, 0, 41, 115, 0, NULL, '{}');
INSERT INTO crm.menusub
(cod_menusub, cod_menutop, descricao, modulovar, nivel, habilitar, mobile, codgrupo_menu, id_frm, exibir_menu, configuracao, id_perfis_acesso)
VALUES(497, 2, 'Usuários Fila', 'ModFilaChatUsuarios', 4, 1, 0, NULL, 112, 0, NULL, NULL);
INSERT INTO crm.menusub
(cod_menusub, cod_menutop, descricao, modulovar, nivel, habilitar, mobile, codgrupo_menu, id_frm, exibir_menu, configuracao, id_perfis_acesso)
VALUES(496, 14, 'Fila', 'ModFilaChat', 4, 1, 0, 34, 111, 1, NULL, '{}');
INSERT INTO crm.menusub
(cod_menusub, cod_menutop, descricao, modulovar, nivel, habilitar, mobile, codgrupo_menu, id_frm, exibir_menu, configuracao, id_perfis_acesso)
VALUES(495, 11, 'Tarifador', 'ModCallcenterTarifador', 4, 0, 0, 43, 119, 0, NULL, '{}');
INSERT INTO crm.menusub
(cod_menusub, cod_menutop, descricao, modulovar, nivel, habilitar, mobile, codgrupo_menu, id_frm, exibir_menu, configuracao, id_perfis_acesso)
VALUES(494, 12, 'Cadastro de Beneficiários', 'ModClienteDependente', 4, 1, 0, 1, NULL, 0, NULL, NULL);
INSERT INTO crm.menusub
(cod_menusub, cod_menutop, descricao, modulovar, nivel, habilitar, mobile, codgrupo_menu, id_frm, exibir_menu, configuracao, id_perfis_acesso)
VALUES(493, 1, 'Histórico Humor', 'ModHistHumor', 4, 1, 0, 37, 110, 1, NULL, NULL);
INSERT INTO crm.menusub
(cod_menusub, cod_menutop, descricao, modulovar, nivel, habilitar, mobile, codgrupo_menu, id_frm, exibir_menu, configuracao, id_perfis_acesso)
VALUES(492, 7, 'Quartil', 'ModRelQuartirizacao', 4, 0, 0, 41, NULL, 0, NULL, '{}');
INSERT INTO crm.menusub
(cod_menusub, cod_menutop, descricao, modulovar, nivel, habilitar, mobile, codgrupo_menu, id_frm, exibir_menu, configuracao, id_perfis_acesso)
VALUES(491, 1, 'Férias', 'ModColaboradorFerias', 4, 0, 0, 29, 118, 1, NULL, NULL);
INSERT INTO crm.menusub
(cod_menusub, cod_menutop, descricao, modulovar, nivel, habilitar, mobile, codgrupo_menu, id_frm, exibir_menu, configuracao, id_perfis_acesso)
VALUES(490, 14, 'Dashboard Multicanal', 'ModRelDashboardMulticanal', 4, 1, 0, 5, NULL, 1, NULL, '{}');
INSERT INTO crm.menusub
(cod_menusub, cod_menutop, descricao, modulovar, nivel, habilitar, mobile, codgrupo_menu, id_frm, exibir_menu, configuracao, id_perfis_acesso)
VALUES(489, 14, 'Avaliação Chat', 'ModRelAvaliacaoChat', 4, 1, 0, 34, NULL, 1, NULL, '{}');
INSERT INTO crm.menusub
(cod_menusub, cod_menutop, descricao, modulovar, nivel, habilitar, mobile, codgrupo_menu, id_frm, exibir_menu, configuracao, id_perfis_acesso)
VALUES(488, 12, 'Agenda de Importação', 'ModAgendaImportacao', 4, 0, 0, 8, 117, 1, NULL, NULL);
INSERT INTO crm.menusub
(cod_menusub, cod_menutop, descricao, modulovar, nivel, habilitar, mobile, codgrupo_menu, id_frm, exibir_menu, configuracao, id_perfis_acesso)
VALUES(487, 7, 'Restrição Discagem', 'ModCallcenterHorarioDiscagem', 4, 1, 0, 38, 116, 1, NULL, '{1}');
INSERT INTO crm.menusub
(cod_menusub, cod_menutop, descricao, modulovar, nivel, habilitar, mobile, codgrupo_menu, id_frm, exibir_menu, configuracao, id_perfis_acesso)
VALUES(486, 12, 'Cadastro Cliente Contato', 'ModContatos', 4, 1, 0, 1, NULL, 0, NULL, NULL);
INSERT INTO crm.menusub
(cod_menusub, cod_menutop, descricao, modulovar, nivel, habilitar, mobile, codgrupo_menu, id_frm, exibir_menu, configuracao, id_perfis_acesso)
VALUES(485, 12, 'Cadastro Cliente Terminal', 'ModClienteTerminal', 4, 1, 0, 1, NULL, 0, NULL, NULL);
INSERT INTO crm.menusub
(cod_menusub, cod_menutop, descricao, modulovar, nivel, habilitar, mobile, codgrupo_menu, id_frm, exibir_menu, configuracao, id_perfis_acesso)
VALUES(484, 14, 'Base de conhecimento FAQ', 'ModFaq', 4, 1, 0, 38, NULL, 1, NULL, NULL);
INSERT INTO crm.menusub
(cod_menusub, cod_menutop, descricao, modulovar, nivel, habilitar, mobile, codgrupo_menu, id_frm, exibir_menu, configuracao, id_perfis_acesso)
VALUES(483, 12, 'Integração Multisales', 'ModMultisales', 4, 1, 0, 8, NULL, 1, NULL, NULL);
INSERT INTO crm.menusub
(cod_menusub, cod_menutop, descricao, modulovar, nivel, habilitar, mobile, codgrupo_menu, id_frm, exibir_menu, configuracao, id_perfis_acesso)
VALUES(482, 7, 'SMS Enviado', 'ModRelSMSEnviado', 4, 0, 0, 18, NULL, 0, NULL, '{}');
INSERT INTO crm.menusub
(cod_menusub, cod_menutop, descricao, modulovar, nivel, habilitar, mobile, codgrupo_menu, id_frm, exibir_menu, configuracao, id_perfis_acesso)
VALUES(481, 7, 'Avaliação de Gravação', 'ModRelAvaliacaoGravacao', 2, 0, 0, 41, NULL, 0, NULL, '{}');
INSERT INTO crm.menusub
(cod_menusub, cod_menutop, descricao, modulovar, nivel, habilitar, mobile, codgrupo_menu, id_frm, exibir_menu, configuracao, id_perfis_acesso)
VALUES(480, 14, 'Ofertas Mobile', 'ModOfertasMobile', 4, 1, 0, 38, NULL, 1, NULL, NULL);
INSERT INTO crm.menusub
(cod_menusub, cod_menutop, descricao, modulovar, nivel, habilitar, mobile, codgrupo_menu, id_frm, exibir_menu, configuracao, id_perfis_acesso)
VALUES(479, 2, 'Status Pedido Automação', 'ModPedidoAutomacaoStatus', 4, 0, 0, NULL, 114, 1, NULL, NULL);
INSERT INTO crm.menusub
(cod_menusub, cod_menutop, descricao, modulovar, nivel, habilitar, mobile, codgrupo_menu, id_frm, exibir_menu, configuracao, id_perfis_acesso)
VALUES(478, 2, 'Historico Sinc', 'ModHistSinc', 4, 1, 0, NULL, 109, 0, NULL, NULL);
INSERT INTO crm.menusub
(cod_menusub, cod_menutop, descricao, modulovar, nivel, habilitar, mobile, codgrupo_menu, id_frm, exibir_menu, configuracao, id_perfis_acesso)
VALUES(477, 12, 'GMG - Sincronização em massa', 'ModRelCargaClientesGMG', NULL, 0, 0, 33, NULL, 1, NULL, NULL);
INSERT INTO crm.menusub
(cod_menusub, cod_menutop, descricao, modulovar, nivel, habilitar, mobile, codgrupo_menu, id_frm, exibir_menu, configuracao, id_perfis_acesso)
VALUES(476, 10, 'Relatório de Recorrência de Vendas', 'ModPedidosOcorrenciasVindi', 1, 1, 0, 41, NULL, 1, NULL, '{}');
INSERT INTO crm.menusub
(cod_menusub, cod_menutop, descricao, modulovar, nivel, habilitar, mobile, codgrupo_menu, id_frm, exibir_menu, configuracao, id_perfis_acesso)
VALUES(475, 7, 'Filas x Operadores', 'ModRelFilasOperadores', 4, 0, 0, 41, NULL, 1, NULL, '{}');
INSERT INTO crm.menusub
(cod_menusub, cod_menutop, descricao, modulovar, nivel, habilitar, mobile, codgrupo_menu, id_frm, exibir_menu, configuracao, id_perfis_acesso)
VALUES(474, 14, 'Chat Externo', 'ModChatExterno', NULL, 0, 0, NULL, NULL, 0, NULL, '{}');
INSERT INTO crm.menusub
(cod_menusub, cod_menutop, descricao, modulovar, nivel, habilitar, mobile, codgrupo_menu, id_frm, exibir_menu, configuracao, id_perfis_acesso)
VALUES(473, 7, 'Força Discador', 'ModRelGraficoDiscador', 1, 1, 0, 5, NULL, 1, NULL, '{1,2}');
INSERT INTO crm.menusub
(cod_menusub, cod_menutop, descricao, modulovar, nivel, habilitar, mobile, codgrupo_menu, id_frm, exibir_menu, configuracao, id_perfis_acesso)
VALUES(472, 7, 'Pausas Analitico x Sintetico', 'ModRelCallCenterPausasAnalitico', 1, 0, 0, 41, NULL, 0, NULL, '{}');
INSERT INTO crm.menusub
(cod_menusub, cod_menutop, descricao, modulovar, nivel, habilitar, mobile, codgrupo_menu, id_frm, exibir_menu, configuracao, id_perfis_acesso)
VALUES(471, 11, 'Monitora Hardware', 'ModMonitoraHardware', 4, 1, 0, 39, NULL, 1, NULL, '{}');
INSERT INTO crm.menusub
(cod_menusub, cod_menutop, descricao, modulovar, nivel, habilitar, mobile, codgrupo_menu, id_frm, exibir_menu, configuracao, id_perfis_acesso)
VALUES(470, 12, 'Metas Comissões Itens', 'ModMetasComissoesItens', 4, 0, 0, 30, 108, 0, NULL, NULL);
INSERT INTO crm.menusub
(cod_menusub, cod_menutop, descricao, modulovar, nivel, habilitar, mobile, codgrupo_menu, id_frm, exibir_menu, configuracao, id_perfis_acesso)
VALUES(469, 12, 'Metas Valores Itens', 'ModMetasValoresItens', 4, 0, 0, 30, 107, 0, NULL, NULL);
INSERT INTO crm.menusub
(cod_menusub, cod_menutop, descricao, modulovar, nivel, habilitar, mobile, codgrupo_menu, id_frm, exibir_menu, configuracao, id_perfis_acesso)
VALUES(468, 7, 'Pesquisa Manual', 'ModRelAvaliacaoPesquisa', 4, 0, 0, 41, NULL, 0, NULL, '{}');
INSERT INTO crm.menusub
(cod_menusub, cod_menutop, descricao, modulovar, nivel, habilitar, mobile, codgrupo_menu, id_frm, exibir_menu, configuracao, id_perfis_acesso)
VALUES(467, 2, 'Pacote', 'ModTaskPacoteTarefa', 4, 0, 0, 21, 106, 1, NULL, NULL);
INSERT INTO crm.menusub
(cod_menusub, cod_menutop, descricao, modulovar, nivel, habilitar, mobile, codgrupo_menu, id_frm, exibir_menu, configuracao, id_perfis_acesso)
VALUES(466, 1, 'URL Externa', 'ModURLExterno', 4, 1, 0, 3, 105, 1, NULL, NULL);
INSERT INTO crm.menusub
(cod_menusub, cod_menutop, descricao, modulovar, nivel, habilitar, mobile, codgrupo_menu, id_frm, exibir_menu, configuracao, id_perfis_acesso)
VALUES(465, 12, 'Agenda', 'ModRelatoriosAutomaticosAgenda', 4, 0, 0, 32, 102, 1, NULL, NULL);
INSERT INTO crm.menusub
(cod_menusub, cod_menutop, descricao, modulovar, nivel, habilitar, mobile, codgrupo_menu, id_frm, exibir_menu, configuracao, id_perfis_acesso)
VALUES(464, 2, 'Tipo Respostas', 'ModMonitoriaTipoRespostas', 4, 1, 0, NULL, 100, 0, NULL, NULL);
INSERT INTO crm.menusub
(cod_menusub, cod_menutop, descricao, modulovar, nivel, habilitar, mobile, codgrupo_menu, id_frm, exibir_menu, configuracao, id_perfis_acesso)
VALUES(463, 5, 'Relatórios Agendados', 'ModRelAutomatico', 4, 0, 0, NULL, 99, 1, NULL, NULL);
INSERT INTO crm.menusub
(cod_menusub, cod_menutop, descricao, modulovar, nivel, habilitar, mobile, codgrupo_menu, id_frm, exibir_menu, configuracao, id_perfis_acesso)
VALUES(462, 7, 'Avaliação', 'ModMonitoriaAvaliacao', 4, 0, 0, 31, NULL, 0, NULL, '{}');
INSERT INTO crm.menusub
(cod_menusub, cod_menutop, descricao, modulovar, nivel, habilitar, mobile, codgrupo_menu, id_frm, exibir_menu, configuracao, id_perfis_acesso)
VALUES(461, 7, 'Respostas Resultado', 'ModMonitoriaRespostas', 4, 0, 0, 31, 96, 0, NULL, NULL);
INSERT INTO crm.menusub
(cod_menusub, cod_menutop, descricao, modulovar, nivel, habilitar, mobile, codgrupo_menu, id_frm, exibir_menu, configuracao, id_perfis_acesso)
VALUES(460, 1, 'Formularios', 'ModMonitoriaFormularios', 4, 1, 0, 3, 95, 1, NULL, NULL);
INSERT INTO crm.menusub
(cod_menusub, cod_menutop, descricao, modulovar, nivel, habilitar, mobile, codgrupo_menu, id_frm, exibir_menu, configuracao, id_perfis_acesso)
VALUES(459, 7, 'Perguntas', 'ModMonitoriaPerguntas', 4, 0, 0, 31, 94, 0, NULL, NULL);
INSERT INTO crm.menusub
(cod_menusub, cod_menutop, descricao, modulovar, nivel, habilitar, mobile, codgrupo_menu, id_frm, exibir_menu, configuracao, id_perfis_acesso)
VALUES(458, 7, 'Grupos', 'ModMonitoriaGrupos', 4, 0, 0, 31, 93, 0, NULL, NULL);
INSERT INTO crm.menusub
(cod_menusub, cod_menutop, descricao, modulovar, nivel, habilitar, mobile, codgrupo_menu, id_frm, exibir_menu, configuracao, id_perfis_acesso)
VALUES(457, 5, 'Metas', 'ModRelMetasNovo', 4, 0, 0, NULL, NULL, 1, NULL, NULL);
INSERT INTO crm.menusub
(cod_menusub, cod_menutop, descricao, modulovar, nivel, habilitar, mobile, codgrupo_menu, id_frm, exibir_menu, configuracao, id_perfis_acesso)
VALUES(456, 12, 'Comissões', 'ModMetasComissoes', 4, 0, 0, 30, 89, 1, NULL, NULL);
INSERT INTO crm.menusub
(cod_menusub, cod_menutop, descricao, modulovar, nivel, habilitar, mobile, codgrupo_menu, id_frm, exibir_menu, configuracao, id_perfis_acesso)
VALUES(455, 2, 'Clientes Resp Email', 'ModClienteRespEmail', 4, 1, 0, NULL, 88, 0, NULL, NULL);
INSERT INTO crm.menusub
(cod_menusub, cod_menutop, descricao, modulovar, nivel, habilitar, mobile, codgrupo_menu, id_frm, exibir_menu, configuracao, id_perfis_acesso)
VALUES(454, 10, 'Monitora Pedidos', 'ModRelMonitoraPedidos', 4, 1, 0, 41, NULL, 1, NULL, NULL);
INSERT INTO crm.menusub
(cod_menusub, cod_menutop, descricao, modulovar, nivel, habilitar, mobile, codgrupo_menu, id_frm, exibir_menu, configuracao, id_perfis_acesso)
VALUES(453, 11, 'Canais da Khomp', 'ModMonitoraControleCanais', 1, 0, 0, 39, NULL, 0, NULL, '{}');
INSERT INTO crm.menusub
(cod_menusub, cod_menutop, descricao, modulovar, nivel, habilitar, mobile, codgrupo_menu, id_frm, exibir_menu, configuracao, id_perfis_acesso)
VALUES(452, 12, 'Valores', 'ModMetasValores', 4, 0, 0, 30, 87, 1, NULL, NULL);
INSERT INTO crm.menusub
(cod_menusub, cod_menutop, descricao, modulovar, nivel, habilitar, mobile, codgrupo_menu, id_frm, exibir_menu, configuracao, id_perfis_acesso)
VALUES(451, 10, 'Tabelas', 'ModMetasTabelas', 4, 0, 0, 30, 86, 1, NULL, NULL);
INSERT INTO crm.menusub
(cod_menusub, cod_menutop, descricao, modulovar, nivel, habilitar, mobile, codgrupo_menu, id_frm, exibir_menu, configuracao, id_perfis_acesso)
VALUES(450, 12, 'Periodicidades', 'ModMetasPeriodicidades', 4, 0, 0, 30, 85, 1, NULL, NULL);
INSERT INTO crm.menusub
(cod_menusub, cod_menutop, descricao, modulovar, nivel, habilitar, mobile, codgrupo_menu, id_frm, exibir_menu, configuracao, id_perfis_acesso)
VALUES(449, 12, 'Tipos', 'ModMetasTipos', 4, 0, 0, 30, 84, 1, NULL, NULL);
INSERT INTO crm.menusub
(cod_menusub, cod_menutop, descricao, modulovar, nivel, habilitar, mobile, codgrupo_menu, id_frm, exibir_menu, configuracao, id_perfis_acesso)
VALUES(448, 7, 'Pesquisa Sintético', 'ModRelPesquisaSintetico', 1, 0, 0, 41, NULL, 0, NULL, '{}');
INSERT INTO crm.menusub
(cod_menusub, cod_menutop, descricao, modulovar, nivel, habilitar, mobile, codgrupo_menu, id_frm, exibir_menu, configuracao, id_perfis_acesso)
VALUES(447, 13, 'Ticket Faq', 'ModRelTicketFaq', 1, 1, 0, 41, NULL, 1, NULL, '{}');
INSERT INTO crm.menusub
(cod_menusub, cod_menutop, descricao, modulovar, nivel, habilitar, mobile, codgrupo_menu, id_frm, exibir_menu, configuracao, id_perfis_acesso)
VALUES(446, 11, 'Pesquisas', 'ModRelPesquisa', 1, 1, 0, 41, NULL, 1, NULL, '{}');
INSERT INTO crm.menusub
(cod_menusub, cod_menutop, descricao, modulovar, nivel, habilitar, mobile, codgrupo_menu, id_frm, exibir_menu, configuracao, id_perfis_acesso)
VALUES(445, 13, 'Ticket Respostas Email', 'ModTicketRespostasEmail', 4, 1, 0, NULL, 83, 0, NULL, '{}');
INSERT INTO crm.menusub
(cod_menusub, cod_menutop, descricao, modulovar, nivel, habilitar, mobile, codgrupo_menu, id_frm, exibir_menu, configuracao, id_perfis_acesso)
VALUES(444, 1, 'Templates', 'ModTemplateEmail', 4, 1, 0, 3, 81, 1, NULL, NULL);
INSERT INTO crm.menusub
(cod_menusub, cod_menutop, descricao, modulovar, nivel, habilitar, mobile, codgrupo_menu, id_frm, exibir_menu, configuracao, id_perfis_acesso)
VALUES(443, 11, 'Pesquisa Satisfação', 'ModPBXPesquisa', 4, 1, 0, 42, 79, 1, NULL, '{}');
INSERT INTO crm.menusub
(cod_menusub, cod_menutop, descricao, modulovar, nivel, habilitar, mobile, codgrupo_menu, id_frm, exibir_menu, configuracao, id_perfis_acesso)
VALUES(442, 11, 'Grupo de Senhas', 'ModPBXGrupoSenha', 4, 1, 0, 43, 78, 1, NULL, '{}');
INSERT INTO crm.menusub
(cod_menusub, cod_menutop, descricao, modulovar, nivel, habilitar, mobile, codgrupo_menu, id_frm, exibir_menu, configuracao, id_perfis_acesso)
VALUES(441, 12, 'Usuarios de Clientes', 'ModUsuariosClientes', 4, 1, 0, 1, 77, 1, NULL, '{3}');
INSERT INTO crm.menusub
(cod_menusub, cod_menutop, descricao, modulovar, nivel, habilitar, mobile, codgrupo_menu, id_frm, exibir_menu, configuracao, id_perfis_acesso)
VALUES(440, 1, 'Feedback', 'ModRelColaboradoresFeedback', 4, 0, 0, 29, NULL, 1, NULL, NULL);
INSERT INTO crm.menusub
(cod_menusub, cod_menutop, descricao, modulovar, nivel, habilitar, mobile, codgrupo_menu, id_frm, exibir_menu, configuracao, id_perfis_acesso)
VALUES(439, 1, 'Status de Feedback', 'ModColaboradoresFeedbackStatus', 4, 0, 0, 29, 76, 1, NULL, NULL);
INSERT INTO crm.menusub
(cod_menusub, cod_menutop, descricao, modulovar, nivel, habilitar, mobile, codgrupo_menu, id_frm, exibir_menu, configuracao, id_perfis_acesso)
VALUES(438, 1, 'Feedback', 'ModColaboradoresFeedback', 4, 0, 0, 29, 75, 1, NULL, NULL);
INSERT INTO crm.menusub
(cod_menusub, cod_menutop, descricao, modulovar, nivel, habilitar, mobile, codgrupo_menu, id_frm, exibir_menu, configuracao, id_perfis_acesso)
VALUES(437, 1, 'Tipos de Feedback', 'ModColaboradoresFeedbackTipo', 4, 0, 0, 29, 74, 1, NULL, NULL);
INSERT INTO crm.menusub
(cod_menusub, cod_menutop, descricao, modulovar, nivel, habilitar, mobile, codgrupo_menu, id_frm, exibir_menu, configuracao, id_perfis_acesso)
VALUES(436, 1, 'Classificações de Feedback', 'ModColaboradoresFeedbackClass', 4, 0, 0, 29, 73, 1, NULL, NULL);
INSERT INTO crm.menusub
(cod_menusub, cod_menutop, descricao, modulovar, nivel, habilitar, mobile, codgrupo_menu, id_frm, exibir_menu, configuracao, id_perfis_acesso)
VALUES(435, 1, 'Resposta das Interações de Colaboradores', 'ModColaboradoresInteracoesResp', 4, 0, 0, 29, 71, 0, NULL, NULL);
INSERT INTO crm.menusub
(cod_menusub, cod_menutop, descricao, modulovar, nivel, habilitar, mobile, codgrupo_menu, id_frm, exibir_menu, configuracao, id_perfis_acesso)
VALUES(434, 1, 'Interações de Colaboradores', 'ModColaboradoresInteracoes', 4, 0, 0, 29, 70, 1, NULL, NULL);
INSERT INTO crm.menusub
(cod_menusub, cod_menutop, descricao, modulovar, nivel, habilitar, mobile, codgrupo_menu, id_frm, exibir_menu, configuracao, id_perfis_acesso)
VALUES(433, 10, 'Pedido Produção', 'ModRelPedidoProducao', 4, 1, 0, 41, NULL, 1, NULL, NULL);
INSERT INTO crm.menusub
(cod_menusub, cod_menutop, descricao, modulovar, nivel, habilitar, mobile, codgrupo_menu, id_frm, exibir_menu, configuracao, id_perfis_acesso)
VALUES(432, 10, 'Plano de Cobrança', 'ModPlanoCobranca', 4, 1, 0, 38, 69, 1, NULL, '{}');
INSERT INTO crm.menusub
(cod_menusub, cod_menutop, descricao, modulovar, nivel, habilitar, mobile, codgrupo_menu, id_frm, exibir_menu, configuracao, id_perfis_acesso)
VALUES(431, 10, 'Movimentações de Estoque', 'ModEstoqueMovimentacao', 4, 0, 0, 38, 68, 1, NULL, NULL);
INSERT INTO crm.menusub
(cod_menusub, cod_menutop, descricao, modulovar, nivel, habilitar, mobile, codgrupo_menu, id_frm, exibir_menu, configuracao, id_perfis_acesso)
VALUES(430, 2, 'Tarefas do CheckList', 'ModTaskCheckListTarefas', 4, 1, 0, NULL, 67, 0, NULL, NULL);
INSERT INTO crm.menusub
(cod_menusub, cod_menutop, descricao, modulovar, nivel, habilitar, mobile, codgrupo_menu, id_frm, exibir_menu, configuracao, id_perfis_acesso)
VALUES(429, 2, 'CheckList', 'ModTaskCheckList', 4, 0, 0, 21, 66, 1, NULL, NULL);
INSERT INTO crm.menusub
(cod_menusub, cod_menutop, descricao, modulovar, nivel, habilitar, mobile, codgrupo_menu, id_frm, exibir_menu, configuracao, id_perfis_acesso)
VALUES(428, 1, 'Perfis de Acesso', 'ModPerfilAcesso', 4, 1, 0, 38, 64, 1, NULL, '{}');
INSERT INTO crm.menusub
(cod_menusub, cod_menutop, descricao, modulovar, nivel, habilitar, mobile, codgrupo_menu, id_frm, exibir_menu, configuracao, id_perfis_acesso)
VALUES(427, 13, 'Permissão do Ticket', 'ModTicketPermissao', 4, 1, 0, 38, NULL, 1, NULL, '{}');
INSERT INTO crm.menusub
(cod_menusub, cod_menutop, descricao, modulovar, nivel, habilitar, mobile, codgrupo_menu, id_frm, exibir_menu, configuracao, id_perfis_acesso)
VALUES(426, 1, 'Opções', 'ModOpcoes', 4, 1, 0, 3, 63, 1, NULL, NULL);
INSERT INTO crm.menusub
(cod_menusub, cod_menutop, descricao, modulovar, nivel, habilitar, mobile, codgrupo_menu, id_frm, exibir_menu, configuracao, id_perfis_acesso)
VALUES(425, 1, 'Tipo de opções', 'ModOpcoesTipo', 4, 1, 0, 3, 62, 1, NULL, NULL);
INSERT INTO crm.menusub
(cod_menusub, cod_menutop, descricao, modulovar, nivel, habilitar, mobile, codgrupo_menu, id_frm, exibir_menu, configuracao, id_perfis_acesso)
VALUES(424, 5, 'Alocação', 'ModRelTaskAlocacao', 4, 0, 0, 21, NULL, 1, NULL, '{5}');
INSERT INTO crm.menusub
(cod_menusub, cod_menutop, descricao, modulovar, nivel, habilitar, mobile, codgrupo_menu, id_frm, exibir_menu, configuracao, id_perfis_acesso)
VALUES(423, 5, 'Interação', 'ModRelTaskInteracao', 4, 0, 0, 21, NULL, 1, NULL, NULL);
INSERT INTO crm.menusub
(cod_menusub, cod_menutop, descricao, modulovar, nivel, habilitar, mobile, codgrupo_menu, id_frm, exibir_menu, configuracao, id_perfis_acesso)
VALUES(422, 5, 'Tarefa', 'ModRelTaskTarefa', 4, 0, 0, 21, NULL, 1, NULL, NULL);
INSERT INTO crm.menusub
(cod_menusub, cod_menutop, descricao, modulovar, nivel, habilitar, mobile, codgrupo_menu, id_frm, exibir_menu, configuracao, id_perfis_acesso)
VALUES(421, 13, 'Ticket', 'ModRelTicket', 4, 1, 0, 41, NULL, 1, NULL, '{}');
INSERT INTO crm.menusub
(cod_menusub, cod_menutop, descricao, modulovar, nivel, habilitar, mobile, codgrupo_menu, id_frm, exibir_menu, configuracao, id_perfis_acesso)
VALUES(420, 2, 'Classificação de tarefa', 'ModTaskClassificacaoTarefa', 4, 0, 0, 21, 57, 1, NULL, NULL);
INSERT INTO crm.menusub
(cod_menusub, cod_menutop, descricao, modulovar, nivel, habilitar, mobile, codgrupo_menu, id_frm, exibir_menu, configuracao, id_perfis_acesso)
VALUES(419, 12, 'Clientes Interações', 'ModRelClientesInteracoes', 4, 1, 0, 41, NULL, 1, NULL, NULL);
INSERT INTO crm.menusub
(cod_menusub, cod_menutop, descricao, modulovar, nivel, habilitar, mobile, codgrupo_menu, id_frm, exibir_menu, configuracao, id_perfis_acesso)
VALUES(418, 13, 'Ticket - Ações', 'ModTicketAcoes', 4, 1, 0, 38, NULL, 1, NULL, NULL);
INSERT INTO crm.menusub
(cod_menusub, cod_menutop, descricao, modulovar, nivel, habilitar, mobile, codgrupo_menu, id_frm, exibir_menu, configuracao, id_perfis_acesso)
VALUES(417, 11, 'Relatório Ocupação de Canais Detalhado', 'ModRelCallCenterCanaisDetalhado', 4, 1, 0, 41, NULL, 1, NULL, '{}');
INSERT INTO crm.menusub
(cod_menusub, cod_menutop, descricao, modulovar, nivel, habilitar, mobile, codgrupo_menu, id_frm, exibir_menu, configuracao, id_perfis_acesso)
VALUES(416, 13, 'Ticket', 'ModTicket', 4, 1, 0, NULL, 56, 1, NULL, NULL);
INSERT INTO crm.menusub
(cod_menusub, cod_menutop, descricao, modulovar, nivel, habilitar, mobile, codgrupo_menu, id_frm, exibir_menu, configuracao, id_perfis_acesso)
VALUES(415, 1, 'Fila de distribuição - Usuário', 'ModCrmFilaUsuario', 5, 0, 0, 3, 54, 0, NULL, NULL);
INSERT INTO crm.menusub
(cod_menusub, cod_menutop, descricao, modulovar, nivel, habilitar, mobile, codgrupo_menu, id_frm, exibir_menu, configuracao, id_perfis_acesso)
VALUES(414, 1, 'Fila de distribuição', 'ModCrmFila', 4, 0, 0, 3, 53, 1, NULL, NULL);
INSERT INTO crm.menusub
(cod_menusub, cod_menutop, descricao, modulovar, nivel, habilitar, mobile, codgrupo_menu, id_frm, exibir_menu, configuracao, id_perfis_acesso)
VALUES(413, 13, 'Status de Ticket', 'ModTicketStatus', 4, 1, 0, 38, 51, 1, NULL, NULL);
INSERT INTO crm.menusub
(cod_menusub, cod_menutop, descricao, modulovar, nivel, habilitar, mobile, codgrupo_menu, id_frm, exibir_menu, configuracao, id_perfis_acesso)
VALUES(412, 1, 'SLA', 'ModSla', 4, 1, 0, 3, 50, 1, NULL, NULL);
INSERT INTO crm.menusub
(cod_menusub, cod_menutop, descricao, modulovar, nivel, habilitar, mobile, codgrupo_menu, id_frm, exibir_menu, configuracao, id_perfis_acesso)
VALUES(411, 1, 'Cargo', 'ModUsuariosCargo', 4, 0, 0, NULL, 49, 1, NULL, NULL);
INSERT INTO crm.menusub
(cod_menusub, cod_menutop, descricao, modulovar, nivel, habilitar, mobile, codgrupo_menu, id_frm, exibir_menu, configuracao, id_perfis_acesso)
VALUES(410, 13, 'Sub-Assunto', 'ModTicketSubassunto', 4, 1, 0, 38, 48, 1, NULL, '{}');
INSERT INTO crm.menusub
(cod_menusub, cod_menutop, descricao, modulovar, nivel, habilitar, mobile, codgrupo_menu, id_frm, exibir_menu, configuracao, id_perfis_acesso)
VALUES(409, 13, 'Motivo', 'ModTicketMotivo', 4, 1, 0, 38, 46, 1, NULL, NULL);
INSERT INTO crm.menusub
(cod_menusub, cod_menutop, descricao, modulovar, nivel, habilitar, mobile, codgrupo_menu, id_frm, exibir_menu, configuracao, id_perfis_acesso)
VALUES(408, 13, 'Assunto', 'ModTicketAssunto', 4, 1, 0, 38, 47, 1, NULL, NULL);
INSERT INTO crm.menusub
(cod_menusub, cod_menutop, descricao, modulovar, nivel, habilitar, mobile, codgrupo_menu, id_frm, exibir_menu, configuracao, id_perfis_acesso)
VALUES(407, 3, 'Rastreamento Correios', 'ModRastreamentoCorreios', 4, 0, 2, NULL, NULL, 1, NULL, NULL);
INSERT INTO crm.menusub
(cod_menusub, cod_menutop, descricao, modulovar, nivel, habilitar, mobile, codgrupo_menu, id_frm, exibir_menu, configuracao, id_perfis_acesso)
VALUES(406, 11, 'Voice Mail', 'ModPBXVoiceMail', 4, 1, 0, 43, NULL, 1, NULL, '{3}');
INSERT INTO crm.menusub
(cod_menusub, cod_menutop, descricao, modulovar, nivel, habilitar, mobile, codgrupo_menu, id_frm, exibir_menu, configuracao, id_perfis_acesso)
VALUES(405, 1, 'Servidor SMTP', 'ModServidorSmtp', 5, 1, 0, 38, NULL, 1, NULL, '{}');
INSERT INTO crm.menusub
(cod_menusub, cod_menutop, descricao, modulovar, nivel, habilitar, mobile, codgrupo_menu, id_frm, exibir_menu, configuracao, id_perfis_acesso)
VALUES(404, 1, 'Cadastro de testes', 'ModFrmTeste', 5, 1, 0, 26, 1, 1, NULL, NULL);
INSERT INTO crm.menusub
(cod_menusub, cod_menutop, descricao, modulovar, nivel, habilitar, mobile, codgrupo_menu, id_frm, exibir_menu, configuracao, id_perfis_acesso)
VALUES(403, 1, 'Permissão do Chat', 'ModPermissaoChat', 4, 1, 0, 37, NULL, 1, NULL, '{2,3}');
INSERT INTO crm.menusub
(cod_menusub, cod_menutop, descricao, modulovar, nivel, habilitar, mobile, codgrupo_menu, id_frm, exibir_menu, configuracao, id_perfis_acesso)
VALUES(402, 14, 'Chat', 'ModRelChat', 4, 0, 0, NULL, NULL, 1, NULL, '{3}');
INSERT INTO crm.menusub
(cod_menusub, cod_menutop, descricao, modulovar, nivel, habilitar, mobile, codgrupo_menu, id_frm, exibir_menu, configuracao, id_perfis_acesso)
VALUES(401, 11, 'Anúncio', 'ModPBXAnuncio', 4, 1, 0, 43, NULL, 1, NULL, '{}');
INSERT INTO crm.menusub
(cod_menusub, cod_menutop, descricao, modulovar, nivel, habilitar, mobile, codgrupo_menu, id_frm, exibir_menu, configuracao, id_perfis_acesso)
VALUES(400, 11, 'Alias', 'ModPBXAlias', 4, 1, 0, 43, NULL, 1, NULL, '{}');
INSERT INTO crm.menusub
(cod_menusub, cod_menutop, descricao, modulovar, nivel, habilitar, mobile, codgrupo_menu, id_frm, exibir_menu, configuracao, id_perfis_acesso)
VALUES(399, 4, 'Atividades - Transições', 'ModAtvTransicoes', 5, 0, 0, NULL, 17, 0, NULL, NULL);
INSERT INTO crm.menusub
(cod_menusub, cod_menutop, descricao, modulovar, nivel, habilitar, mobile, codgrupo_menu, id_frm, exibir_menu, configuracao, id_perfis_acesso)
VALUES(398, 4, 'Atividades - Estados', 'ModAtvEstados', 5, 0, 0, NULL, 16, 0, NULL, NULL);
INSERT INTO crm.menusub
(cod_menusub, cod_menutop, descricao, modulovar, nivel, habilitar, mobile, codgrupo_menu, id_frm, exibir_menu, configuracao, id_perfis_acesso)
VALUES(397, 4, 'Atividades - Scripts', 'ModAtvScripts', 5, 0, 0, NULL, 38, 0, NULL, NULL);
INSERT INTO crm.menusub
(cod_menusub, cod_menutop, descricao, modulovar, nivel, habilitar, mobile, codgrupo_menu, id_frm, exibir_menu, configuracao, id_perfis_acesso)
VALUES(396, 4, 'Atividades - Registros', 'ModAtvRegistros', 5, 0, 0, NULL, NULL, 0, NULL, NULL);
INSERT INTO crm.menusub
(cod_menusub, cod_menutop, descricao, modulovar, nivel, habilitar, mobile, codgrupo_menu, id_frm, exibir_menu, configuracao, id_perfis_acesso)
VALUES(395, 11, 'Condição de Tempo', 'ModPBXCondicaoTempo', 4, 1, 0, 43, NULL, 1, NULL, '{}');
INSERT INTO crm.menusub
(cod_menusub, cod_menutop, descricao, modulovar, nivel, habilitar, mobile, codgrupo_menu, id_frm, exibir_menu, configuracao, id_perfis_acesso)
VALUES(394, 2, 'Subcategoria', 'ModGedSubCategoria', 4, 0, 0, 27, 44, 1, NULL, NULL);
INSERT INTO crm.menusub
(cod_menusub, cod_menutop, descricao, modulovar, nivel, habilitar, mobile, codgrupo_menu, id_frm, exibir_menu, configuracao, id_perfis_acesso)
VALUES(393, 2, 'Categoria', 'ModGedCategoria', 4, 0, 0, 27, 43, 1, NULL, NULL);
INSERT INTO crm.menusub
(cod_menusub, cod_menutop, descricao, modulovar, nivel, habilitar, mobile, codgrupo_menu, id_frm, exibir_menu, configuracao, id_perfis_acesso)
VALUES(392, 2, 'Subsetor', 'ModGedSubSetor', 4, 0, 0, 27, 40, 1, NULL, NULL);
INSERT INTO crm.menusub
(cod_menusub, cod_menutop, descricao, modulovar, nivel, habilitar, mobile, codgrupo_menu, id_frm, exibir_menu, configuracao, id_perfis_acesso)
VALUES(391, 2, 'Setor', 'ModGedSetor', 4, 0, 0, 27, 39, 1, NULL, NULL);
INSERT INTO crm.menusub
(cod_menusub, cod_menutop, descricao, modulovar, nivel, habilitar, mobile, codgrupo_menu, id_frm, exibir_menu, configuracao, id_perfis_acesso)
VALUES(390, 7, 'Receptivo - Nivel de Serviço', 'ModRelGraficoReceptivo', 4, 0, 0, 41, NULL, 1, NULL, '{1}');
INSERT INTO crm.menusub
(cod_menusub, cod_menutop, descricao, modulovar, nivel, habilitar, mobile, codgrupo_menu, id_frm, exibir_menu, configuracao, id_perfis_acesso)
VALUES(389, 7, 'Chamadas', 'ModRelChamadasLead', 4, 1, 0, 41, NULL, 1, NULL, '{}');
INSERT INTO crm.menusub
(cod_menusub, cod_menutop, descricao, modulovar, nivel, habilitar, mobile, codgrupo_menu, id_frm, exibir_menu, configuracao, id_perfis_acesso)
VALUES(388, 1, 'Legenda', 'ModLegenda', 4, 1, 0, 3, 21, 1, NULL, '{2,3}');
INSERT INTO crm.menusub
(cod_menusub, cod_menutop, descricao, modulovar, nivel, habilitar, mobile, codgrupo_menu, id_frm, exibir_menu, configuracao, id_perfis_acesso)
VALUES(387, 1, 'Tipo de legenda', 'ModLegendaTipo', 4, 1, 0, 3, 20, 1, NULL, NULL);
INSERT INTO crm.menusub
(cod_menusub, cod_menutop, descricao, modulovar, nivel, habilitar, mobile, codgrupo_menu, id_frm, exibir_menu, configuracao, id_perfis_acesso)
VALUES(386, 7, 'Operações de Cartão', 'ModPBXCartaoOperacao', 4, 0, 0, 41, NULL, 0, NULL, '{}');
INSERT INTO crm.menusub
(cod_menusub, cod_menutop, descricao, modulovar, nivel, habilitar, mobile, codgrupo_menu, id_frm, exibir_menu, configuracao, id_perfis_acesso)
VALUES(385, 11, 'PABX', 'ModControlePabx', 4, 1, 0, 39, NULL, 1, NULL, '{3}');
INSERT INTO crm.menusub
(cod_menusub, cod_menutop, descricao, modulovar, nivel, habilitar, mobile, codgrupo_menu, id_frm, exibir_menu, configuracao, id_perfis_acesso)
VALUES(384, 11, 'Sala de Conferência', 'ModPBXSalaConferencia', 4, 1, 0, 43, NULL, 1, NULL, '{}');
INSERT INTO crm.menusub
(cod_menusub, cod_menutop, descricao, modulovar, nivel, habilitar, mobile, codgrupo_menu, id_frm, exibir_menu, configuracao, id_perfis_acesso)
VALUES(383, 11, 'Ocupação de Canais - descontinuado2', 'ModRelGraficoOcupacaoCanais', 4, 0, 0, 41, NULL, 1, NULL, '{}');
INSERT INTO crm.menusub
(cod_menusub, cod_menutop, descricao, modulovar, nivel, habilitar, mobile, codgrupo_menu, id_frm, exibir_menu, configuracao, id_perfis_acesso)
VALUES(382, 2, 'Classificação', 'ModGedClassificacao', 4, 0, 0, 27, 42, 1, NULL, NULL);
INSERT INTO crm.menusub
(cod_menusub, cod_menutop, descricao, modulovar, nivel, habilitar, mobile, codgrupo_menu, id_frm, exibir_menu, configuracao, id_perfis_acesso)
VALUES(381, 2, 'Recipiente', 'ModGedRecipiente', 4, 0, 0, 27, 41, 1, NULL, NULL);
INSERT INTO crm.menusub
(cod_menusub, cod_menutop, descricao, modulovar, nivel, habilitar, mobile, codgrupo_menu, id_frm, exibir_menu, configuracao, id_perfis_acesso)
VALUES(380, 7, 'Agentes x Status', 'ModRelGraficoAgentes', 2, 1, 0, 5, NULL, 1, NULL, '{1,3}');
INSERT INTO crm.menusub
(cod_menusub, cod_menutop, descricao, modulovar, nivel, habilitar, mobile, codgrupo_menu, id_frm, exibir_menu, configuracao, id_perfis_acesso)
VALUES(379, 11, 'Khomp - Grupos', 'ModPBXKhompGrupo', 4, 0, 0, 43, NULL, 1, NULL, '{}');
INSERT INTO crm.menusub
(cod_menusub, cod_menutop, descricao, modulovar, nivel, habilitar, mobile, codgrupo_menu, id_frm, exibir_menu, configuracao, id_perfis_acesso)
VALUES(378, 11, 'Funcionalidades', 'ModPBXFeature', 4, 1, 0, 42, NULL, 1, NULL, '{}');
INSERT INTO crm.menusub
(cod_menusub, cod_menutop, descricao, modulovar, nivel, habilitar, mobile, codgrupo_menu, id_frm, exibir_menu, configuracao, id_perfis_acesso)
VALUES(376, 1, 'Campos', 'ModFrmFieldsConf', 5, 1, 0, 26, NULL, 1, NULL, NULL);
INSERT INTO crm.menusub
(cod_menusub, cod_menutop, descricao, modulovar, nivel, habilitar, mobile, codgrupo_menu, id_frm, exibir_menu, configuracao, id_perfis_acesso)
VALUES(375, 1, 'Ações', 'ModFrmAcoesConf', 5, 1, 0, 26, NULL, 1, NULL, NULL);
INSERT INTO crm.menusub
(cod_menusub, cod_menutop, descricao, modulovar, nivel, habilitar, mobile, codgrupo_menu, id_frm, exibir_menu, configuracao, id_perfis_acesso)
VALUES(374, 4, 'Atividades', 'ModAtv', 5, 0, 0, NULL, 15, 1, NULL, NULL);
INSERT INTO crm.menusub
(cod_menusub, cod_menutop, descricao, modulovar, nivel, habilitar, mobile, codgrupo_menu, id_frm, exibir_menu, configuracao, id_perfis_acesso)
VALUES(373, 1, 'Tipo de opções', 'ModFrmOpcoesConf', 5, 1, 0, 26, NULL, 1, NULL, NULL);
INSERT INTO crm.menusub
(cod_menusub, cod_menutop, descricao, modulovar, nivel, habilitar, mobile, codgrupo_menu, id_frm, exibir_menu, configuracao, id_perfis_acesso)
VALUES(371, 11, 'Callback', 'ModRelChamadasCallback', 4, 1, 0, 41, NULL, 1, NULL, '{}');
INSERT INTO crm.menusub
(cod_menusub, cod_menutop, descricao, modulovar, nivel, habilitar, mobile, codgrupo_menu, id_frm, exibir_menu, configuracao, id_perfis_acesso)
VALUES(370, 7, 'Produção', 'ModRelCampanhaProducao', 4, 0, 0, 41, NULL, 1, NULL, '{2,3}');
INSERT INTO crm.menusub
(cod_menusub, cod_menutop, descricao, modulovar, nivel, habilitar, mobile, codgrupo_menu, id_frm, exibir_menu, configuracao, id_perfis_acesso)
VALUES(369, 11, 'Limites de Tronco - Canais', 'ModRelCallCenterCanaisLimite', 4, 1, 0, 41, NULL, 1, NULL, '{}');
INSERT INTO crm.menusub
(cod_menusub, cod_menutop, descricao, modulovar, nivel, habilitar, mobile, codgrupo_menu, id_frm, exibir_menu, configuracao, id_perfis_acesso)
VALUES(368, 10, 'Combo de Produtos', 'ModProdutoCombo', 4, 1, 0, 38, NULL, 1, NULL, '{}');
INSERT INTO crm.menusub
(cod_menusub, cod_menutop, descricao, modulovar, nivel, habilitar, mobile, codgrupo_menu, id_frm, exibir_menu, configuracao, id_perfis_acesso)
VALUES(367, 11, 'Variável Global', 'ModPBXVariavelGlobal', 5, 1, 0, 43, NULL, 1, NULL, '{}');
INSERT INTO crm.menusub
(cod_menusub, cod_menutop, descricao, modulovar, nivel, habilitar, mobile, codgrupo_menu, id_frm, exibir_menu, configuracao, id_perfis_acesso)
VALUES(366, 10, 'Status de pedido / produto', 'ModMovStatusPedidoProduto', 4, 1, 0, 8, NULL, 1, NULL, '{}');
INSERT INTO crm.menusub
(cod_menusub, cod_menutop, descricao, modulovar, nivel, habilitar, mobile, codgrupo_menu, id_frm, exibir_menu, configuracao, id_perfis_acesso)
VALUES(365, 2, 'Tipo', 'ModInventarioTipo', 4, 0, 0, 24, NULL, 1, NULL, NULL);
INSERT INTO crm.menusub
(cod_menusub, cod_menutop, descricao, modulovar, nivel, habilitar, mobile, codgrupo_menu, id_frm, exibir_menu, configuracao, id_perfis_acesso)
VALUES(364, 2, 'Sistema', 'ModInventarioSistema', 4, 0, 0, 24, NULL, 1, NULL, NULL);
INSERT INTO crm.menusub
(cod_menusub, cod_menutop, descricao, modulovar, nivel, habilitar, mobile, codgrupo_menu, id_frm, exibir_menu, configuracao, id_perfis_acesso)
VALUES(363, 2, 'Serviço', 'ModInventarioServico', 4, 0, 0, 24, NULL, 1, NULL, NULL);
INSERT INTO crm.menusub
(cod_menusub, cod_menutop, descricao, modulovar, nivel, habilitar, mobile, codgrupo_menu, id_frm, exibir_menu, configuracao, id_perfis_acesso)
VALUES(362, 2, 'Modelo', 'ModInventarioModelo', 4, 0, 0, 24, NULL, 1, NULL, NULL);
INSERT INTO crm.menusub
(cod_menusub, cod_menutop, descricao, modulovar, nivel, habilitar, mobile, codgrupo_menu, id_frm, exibir_menu, configuracao, id_perfis_acesso)
VALUES(361, 2, 'Marca', 'ModInventarioMarca', 4, 0, 0, 24, NULL, 1, NULL, NULL);
INSERT INTO crm.menusub
(cod_menusub, cod_menutop, descricao, modulovar, nivel, habilitar, mobile, codgrupo_menu, id_frm, exibir_menu, configuracao, id_perfis_acesso)
VALUES(360, 2, 'Ítem', 'ModInventarioItem', 4, 0, 0, 24, NULL, 1, NULL, NULL);
INSERT INTO crm.menusub
(cod_menusub, cod_menutop, descricao, modulovar, nivel, habilitar, mobile, codgrupo_menu, id_frm, exibir_menu, configuracao, id_perfis_acesso)
VALUES(359, 1, 'SQLs externos', 'ModFrmSqlConf', 5, 1, 0, 26, NULL, 1, NULL, NULL);
INSERT INTO crm.menusub
(cod_menusub, cod_menutop, descricao, modulovar, nivel, habilitar, mobile, codgrupo_menu, id_frm, exibir_menu, configuracao, id_perfis_acesso)
VALUES(358, 1, 'Tipo de máscaras', 'ModFrmMascarasConf', 5, 1, 0, 26, NULL, 1, NULL, NULL);
INSERT INTO crm.menusub
(cod_menusub, cod_menutop, descricao, modulovar, nivel, habilitar, mobile, codgrupo_menu, id_frm, exibir_menu, configuracao, id_perfis_acesso)
VALUES(357, 1, 'Formulário', 'ModFrmConf', 5, 1, 0, 26, NULL, 1, NULL, NULL);
INSERT INTO crm.menusub
(cod_menusub, cod_menutop, descricao, modulovar, nivel, habilitar, mobile, codgrupo_menu, id_frm, exibir_menu, configuracao, id_perfis_acesso)
VALUES(356, 1, 'Tipo de campos', 'ModFrmCamposConf', 5, 1, 0, 26, NULL, 1, NULL, NULL);
INSERT INTO crm.menusub
(cod_menusub, cod_menutop, descricao, modulovar, nivel, habilitar, mobile, codgrupo_menu, id_frm, exibir_menu, configuracao, id_perfis_acesso)
VALUES(355, 7, 'Histórico de ações', 'ModContratoHistorico', 4, 0, 0, 15, NULL, 1, NULL, '{}');
INSERT INTO crm.menusub
(cod_menusub, cod_menutop, descricao, modulovar, nivel, habilitar, mobile, codgrupo_menu, id_frm, exibir_menu, configuracao, id_perfis_acesso)
VALUES(354, 12, 'Auxiliares', 'ModCargaAxiliares', 5, 1, 0, 8, NULL, 1, NULL, NULL);
INSERT INTO crm.menusub
(cod_menusub, cod_menutop, descricao, modulovar, nivel, habilitar, mobile, codgrupo_menu, id_frm, exibir_menu, configuracao, id_perfis_acesso)
VALUES(353, 1, 'Tipo de atualização', 'ModAtualizacaoTipo', 5, 0, 0, 25, NULL, 1, NULL, '{}');
INSERT INTO crm.menusub
(cod_menusub, cod_menutop, descricao, modulovar, nivel, habilitar, mobile, codgrupo_menu, id_frm, exibir_menu, configuracao, id_perfis_acesso)
VALUES(352, 1, 'Atualização', 'ModAtualizacao', 5, 0, 0, 25, NULL, 1, NULL, '{}');
INSERT INTO crm.menusub
(cod_menusub, cod_menutop, descricao, modulovar, nivel, habilitar, mobile, codgrupo_menu, id_frm, exibir_menu, configuracao, id_perfis_acesso)
VALUES(351, 11, 'Arquivos de Configuração', 'ModArquivoConf', 5, 1, 0, 43, NULL, 1, NULL, '{}');
INSERT INTO crm.menusub
(cod_menusub, cod_menutop, descricao, modulovar, nivel, habilitar, mobile, codgrupo_menu, id_frm, exibir_menu, configuracao, id_perfis_acesso)
VALUES(350, 12, 'Tipo de e-mail', 'ModTipoEmail', 4, 1, 0, 1, NULL, 1, NULL, NULL);
INSERT INTO crm.menusub
(cod_menusub, cod_menutop, descricao, modulovar, nivel, habilitar, mobile, codgrupo_menu, id_frm, exibir_menu, configuracao, id_perfis_acesso)
VALUES(349, 12, 'Tipo de beneficiário', 'ModTipoBeneficiario', 4, 1, 0, 1, NULL, 1, NULL, NULL);
INSERT INTO crm.menusub
(cod_menusub, cod_menutop, descricao, modulovar, nivel, habilitar, mobile, codgrupo_menu, id_frm, exibir_menu, configuracao, id_perfis_acesso)
VALUES(348, 7, 'Acionamentos Credor (Cobrança)', 'ModRelAcionamentosCredor', 4, 0, 0, 41, NULL, 1, NULL, '{}');
INSERT INTO crm.menusub
(cod_menusub, cod_menutop, descricao, modulovar, nivel, habilitar, mobile, codgrupo_menu, id_frm, exibir_menu, configuracao, id_perfis_acesso)
VALUES(347, 11, 'Tronco', 'ModPBXTronco', 5, 1, 0, 43, NULL, 1, NULL, '{}');
INSERT INTO crm.menusub
(cod_menusub, cod_menutop, descricao, modulovar, nivel, habilitar, mobile, codgrupo_menu, id_frm, exibir_menu, configuracao, id_perfis_acesso)
VALUES(346, 7, 'Bloqueio de texto', 'ModPBXSMSBloqueio', 4, 0, 0, 18, NULL, 0, NULL, '{}');
INSERT INTO crm.menusub
(cod_menusub, cod_menutop, descricao, modulovar, nivel, habilitar, mobile, codgrupo_menu, id_frm, exibir_menu, configuracao, id_perfis_acesso)
VALUES(345, 11, 'Rota', 'ModPBXRota', 5, 1, 0, 43, NULL, 1, NULL, '{}');
INSERT INTO crm.menusub
(cod_menusub, cod_menutop, descricao, modulovar, nivel, habilitar, mobile, codgrupo_menu, id_frm, exibir_menu, configuracao, id_perfis_acesso)
VALUES(344, 11, 'Ramal', 'ModPBXRamal', 5, 1, 0, 42, NULL, 1, NULL, '{2,3,4}');
INSERT INTO crm.menusub
(cod_menusub, cod_menutop, descricao, modulovar, nivel, habilitar, mobile, codgrupo_menu, id_frm, exibir_menu, configuracao, id_perfis_acesso)
VALUES(343, 11, 'Operadora', 'ModPBXOperadora', 5, 1, 0, 43, NULL, 1, NULL, '{}');
INSERT INTO crm.menusub
(cod_menusub, cod_menutop, descricao, modulovar, nivel, habilitar, mobile, codgrupo_menu, id_frm, exibir_menu, configuracao, id_perfis_acesso)
VALUES(342, 11, 'Grupo de Chamada', 'ModPBXGrupoChamada', 5, 1, 0, 42, NULL, 1, NULL, '{}');
INSERT INTO crm.menusub
(cod_menusub, cod_menutop, descricao, modulovar, nivel, habilitar, mobile, codgrupo_menu, id_frm, exibir_menu, configuracao, id_perfis_acesso)
VALUES(341, 7, 'Fila', 'ModPBXFila', 4, 1, 0, 38, NULL, 1, NULL, '{1,2,3,4}');
INSERT INTO crm.menusub
(cod_menusub, cod_menutop, descricao, modulovar, nivel, habilitar, mobile, codgrupo_menu, id_frm, exibir_menu, configuracao, id_perfis_acesso)
VALUES(340, 11, 'Contexto', 'ModPBXContexto', 5, 1, 0, 43, NULL, 1, NULL, '{}');
INSERT INTO crm.menusub
(cod_menusub, cod_menutop, descricao, modulovar, nivel, habilitar, mobile, codgrupo_menu, id_frm, exibir_menu, configuracao, id_perfis_acesso)
VALUES(339, 11, 'Grupo de Ramais', 'ModGrupoRamal', 4, 1, 0, 42, NULL, 1, NULL, '{}');
INSERT INTO crm.menusub
(cod_menusub, cod_menutop, descricao, modulovar, nivel, habilitar, mobile, codgrupo_menu, id_frm, exibir_menu, configuracao, id_perfis_acesso)
VALUES(338, 1, 'Arquivos de Importação', 'ModCargaConf', 4, 1, 0, 38, NULL, 1, NULL, '{}');
INSERT INTO crm.menusub
(cod_menusub, cod_menutop, descricao, modulovar, nivel, habilitar, mobile, codgrupo_menu, id_frm, exibir_menu, configuracao, id_perfis_acesso)
VALUES(337, 7, 'Importar - Cobrança', 'ModCargaConductor', 4, 0, 0, 16, NULL, 1, NULL, '{}');
INSERT INTO crm.menusub
(cod_menusub, cod_menutop, descricao, modulovar, nivel, habilitar, mobile, codgrupo_menu, id_frm, exibir_menu, configuracao, id_perfis_acesso)
VALUES(336, 2, 'Tipo de tarefa', 'ModTaskTipoTarefa', 4, 0, 0, 21, NULL, 1, NULL, NULL);
INSERT INTO crm.menusub
(cod_menusub, cod_menutop, descricao, modulovar, nivel, habilitar, mobile, codgrupo_menu, id_frm, exibir_menu, configuracao, id_perfis_acesso)
VALUES(335, 2, 'Tipo de recurso', 'ModTaskTipoRecurso', 4, 0, 0, 21, NULL, 1, NULL, NULL);
INSERT INTO crm.menusub
(cod_menusub, cod_menutop, descricao, modulovar, nivel, habilitar, mobile, codgrupo_menu, id_frm, exibir_menu, configuracao, id_perfis_acesso)
VALUES(334, 2, 'Tarefas', 'ModTaskTarefa', 4, 0, 0, 21, NULL, 1, NULL, NULL);
INSERT INTO crm.menusub
(cod_menusub, cod_menutop, descricao, modulovar, nivel, habilitar, mobile, codgrupo_menu, id_frm, exibir_menu, configuracao, id_perfis_acesso)
VALUES(333, 2, 'Status de tarefa', 'ModTaskStatusTarefa', 4, 0, 0, 21, 55, 1, NULL, NULL);
INSERT INTO crm.menusub
(cod_menusub, cod_menutop, descricao, modulovar, nivel, habilitar, mobile, codgrupo_menu, id_frm, exibir_menu, configuracao, id_perfis_acesso)
VALUES(332, 2, 'Recursos', 'ModTaskRecurso', 4, 0, 0, 21, NULL, 1, NULL, NULL);
INSERT INTO crm.menusub
(cod_menusub, cod_menutop, descricao, modulovar, nivel, habilitar, mobile, codgrupo_menu, id_frm, exibir_menu, configuracao, id_perfis_acesso)
VALUES(331, 2, 'Projetos', 'ModTaskProjeto', 4, 0, 0, 21, NULL, 1, NULL, NULL);
INSERT INTO crm.menusub
(cod_menusub, cod_menutop, descricao, modulovar, nivel, habilitar, mobile, codgrupo_menu, id_frm, exibir_menu, configuracao, id_perfis_acesso)
VALUES(330, 2, 'Prioridade de tarefa', 'ModTaskPrioridadeTarefa', 4, 0, 0, 21, NULL, 1, NULL, NULL);
INSERT INTO crm.menusub
(cod_menusub, cod_menutop, descricao, modulovar, nivel, habilitar, mobile, codgrupo_menu, id_frm, exibir_menu, configuracao, id_perfis_acesso)
VALUES(329, 2, 'Motivos', 'ModTaskMotivo', 4, 0, 0, 21, NULL, 1, NULL, NULL);
INSERT INTO crm.menusub
(cod_menusub, cod_menutop, descricao, modulovar, nivel, habilitar, mobile, codgrupo_menu, id_frm, exibir_menu, configuracao, id_perfis_acesso)
VALUES(328, 2, 'Impedimento de recurso', 'ModTaskImpedimentoRecurso', 4, 0, 0, 21, NULL, 1, NULL, NULL);
INSERT INTO crm.menusub
(cod_menusub, cod_menutop, descricao, modulovar, nivel, habilitar, mobile, codgrupo_menu, id_frm, exibir_menu, configuracao, id_perfis_acesso)
VALUES(327, 1, 'Feriados', 'ModTaskFeriado', 4, 1, 0, 3, NULL, 1, NULL, NULL);
INSERT INTO crm.menusub
(cod_menusub, cod_menutop, descricao, modulovar, nivel, habilitar, mobile, codgrupo_menu, id_frm, exibir_menu, configuracao, id_perfis_acesso)
VALUES(326, 1, 'Calendário', 'ModTaskCalendario', 4, 1, 0, 3, NULL, 1, NULL, NULL);
INSERT INTO crm.menusub
(cod_menusub, cod_menutop, descricao, modulovar, nivel, habilitar, mobile, codgrupo_menu, id_frm, exibir_menu, configuracao, id_perfis_acesso)
VALUES(325, 7, 'Templates', 'ModSMSTemplate', 4, 0, 0, 18, NULL, 0, NULL, '{}');
INSERT INTO crm.menusub
(cod_menusub, cod_menutop, descricao, modulovar, nivel, habilitar, mobile, codgrupo_menu, id_frm, exibir_menu, configuracao, id_perfis_acesso)
VALUES(324, 11, 'URA Reversa', 'ModRelChamadasURAReversa', 4, 1, 0, 41, NULL, 1, NULL, '{}');
INSERT INTO crm.menusub
(cod_menusub, cod_menutop, descricao, modulovar, nivel, habilitar, mobile, codgrupo_menu, id_frm, exibir_menu, configuracao, id_perfis_acesso)
VALUES(323, 7, 'URA Reversa', 'ModMonitoraURAReversa', 4, 0, 0, 39, NULL, 1, NULL, '{2,3}');
INSERT INTO crm.menusub
(cod_menusub, cod_menutop, descricao, modulovar, nivel, habilitar, mobile, codgrupo_menu, id_frm, exibir_menu, configuracao, id_perfis_acesso)
VALUES(322, 7, 'Agendamentos', 'ModRelAgendamento', 2, 1, 0, 41, NULL, 1, NULL, '{1,3}');
INSERT INTO crm.menusub
(cod_menusub, cod_menutop, descricao, modulovar, nivel, habilitar, mobile, codgrupo_menu, id_frm, exibir_menu, configuracao, id_perfis_acesso)
VALUES(321, 1, 'Variáveis do sistema', 'ModClassificacaoSistema', 5, 1, 0, 38, NULL, 1, NULL, '{}');
INSERT INTO crm.menusub
(cod_menusub, cod_menutop, descricao, modulovar, nivel, habilitar, mobile, codgrupo_menu, id_frm, exibir_menu, configuracao, id_perfis_acesso)
VALUES(168, 7, 'Status de parcela', 'ModStatusParcela', 4, 0, 0, 15, NULL, 1, NULL, '{}');
INSERT INTO crm.menusub
(cod_menusub, cod_menutop, descricao, modulovar, nivel, habilitar, mobile, codgrupo_menu, id_frm, exibir_menu, configuracao, id_perfis_acesso)
VALUES(167, 7, 'Status de Contrato', 'ModStatusContrato', 4, 0, 0, 15, NULL, 1, NULL, '{}');
INSERT INTO crm.menusub
(cod_menusub, cod_menutop, descricao, modulovar, nivel, habilitar, mobile, codgrupo_menu, id_frm, exibir_menu, configuracao, id_perfis_acesso)
VALUES(166, 7, 'Servidor', 'ModSMSServidor', 4, 0, 0, 18, NULL, 0, NULL, '{}');
INSERT INTO crm.menusub
(cod_menusub, cod_menutop, descricao, modulovar, nivel, habilitar, mobile, codgrupo_menu, id_frm, exibir_menu, configuracao, id_perfis_acesso)
VALUES(165, 7, 'Canais', 'ModSMSCanal', 4, 0, 0, 18, NULL, 0, NULL, '{}');
INSERT INTO crm.menusub
(cod_menusub, cod_menutop, descricao, modulovar, nivel, habilitar, mobile, codgrupo_menu, id_frm, exibir_menu, configuracao, id_perfis_acesso)
VALUES(164, 12, 'Remessa EPS', 'ModRemessaEps', 4, 0, 0, 17, NULL, 1, NULL, NULL);
INSERT INTO crm.menusub
(cod_menusub, cod_menutop, descricao, modulovar, nivel, habilitar, mobile, codgrupo_menu, id_frm, exibir_menu, configuracao, id_perfis_acesso)
VALUES(163, 7, 'Remessa - Acionamentos', 'ModRemessaAcionamentos', 4, 0, 0, 16, NULL, 1, NULL, '{}');
INSERT INTO crm.menusub
(cod_menusub, cod_menutop, descricao, modulovar, nivel, habilitar, mobile, codgrupo_menu, id_frm, exibir_menu, configuracao, id_perfis_acesso)
VALUES(162, 11, 'URA Opções', 'ModRelURAReversa', 4, 1, 0, 41, NULL, 1, NULL, '{2,3}');
INSERT INTO crm.menusub
(cod_menusub, cod_menutop, descricao, modulovar, nivel, habilitar, mobile, codgrupo_menu, id_frm, exibir_menu, configuracao, id_perfis_acesso)
VALUES(161, 12, 'Telefone', 'ModRelTelefone', 4, 1, 0, 41, NULL, 1, NULL, '{3}');
INSERT INTO crm.menusub
(cod_menusub, cod_menutop, descricao, modulovar, nivel, habilitar, mobile, codgrupo_menu, id_frm, exibir_menu, configuracao, id_perfis_acesso)
VALUES(160, 7, 'SMS Recebido', 'ModRelSMSRecebido', 4, 0, 0, 18, NULL, 0, NULL, '{2,3}');
INSERT INTO crm.menusub
(cod_menusub, cod_menutop, descricao, modulovar, nivel, habilitar, mobile, codgrupo_menu, id_frm, exibir_menu, configuracao, id_perfis_acesso)
VALUES(159, 7, 'SMS Campanha (Resumo)', 'ModRelSMSCampanhaResumo', 4, 0, 0, 41, NULL, 0, NULL, '{2,3}');
INSERT INTO crm.menusub
(cod_menusub, cod_menutop, descricao, modulovar, nivel, habilitar, mobile, codgrupo_menu, id_frm, exibir_menu, configuracao, id_perfis_acesso)
VALUES(158, 7, 'SMS Campanha', 'ModRelSMSCampanha', 4, 0, 0, 41, NULL, 0, NULL, '{2,3}');
INSERT INTO crm.menusub
(cod_menusub, cod_menutop, descricao, modulovar, nivel, habilitar, mobile, codgrupo_menu, id_frm, exibir_menu, configuracao, id_perfis_acesso)
VALUES(157, 7, 'Controle Operacional', 'ModRelControleOperacional', 4, 0, 0, 41, NULL, 0, NULL, '{}');
INSERT INTO crm.menusub
(cod_menusub, cod_menutop, descricao, modulovar, nivel, habilitar, mobile, codgrupo_menu, id_frm, exibir_menu, configuracao, id_perfis_acesso)
VALUES(156, 7, 'Negociação', 'ModContratoNegociacao', 4, 0, 0, 15, NULL, 1, NULL, '{}');
INSERT INTO crm.menusub
(cod_menusub, cod_menutop, descricao, modulovar, nivel, habilitar, mobile, codgrupo_menu, id_frm, exibir_menu, configuracao, id_perfis_acesso)
VALUES(155, 7, 'Contrato', 'ModContrato', 5, 0, 0, 15, NULL, 1, NULL, '{}');
INSERT INTO crm.menusub
(cod_menusub, cod_menutop, descricao, modulovar, nivel, habilitar, mobile, codgrupo_menu, id_frm, exibir_menu, configuracao, id_perfis_acesso)
VALUES(154, 12, 'EPS', 'ModCargaEps', 4, 0, 0, 8, NULL, 1, NULL, NULL);
INSERT INTO crm.menusub
(cod_menusub, cod_menutop, descricao, modulovar, nivel, habilitar, mobile, codgrupo_menu, id_frm, exibir_menu, configuracao, id_perfis_acesso)
VALUES(153, 2, 'Importar - Arquivo de Carga', 'ModCarga', 4, 0, 0, 16, NULL, 1, NULL, '{}');
INSERT INTO crm.menusub
(cod_menusub, cod_menutop, descricao, modulovar, nivel, habilitar, mobile, codgrupo_menu, id_frm, exibir_menu, configuracao, id_perfis_acesso)
VALUES(152, 7, 'Importar - Baixa / Quebra', 'ModBaixaStatusContrato', 4, 0, 0, 16, NULL, 1, NULL, '{}');
INSERT INTO crm.menusub
(cod_menusub, cod_menutop, descricao, modulovar, nivel, habilitar, mobile, codgrupo_menu, id_frm, exibir_menu, configuracao, id_perfis_acesso)
VALUES(151, 12, 'Classificar Telefone', 'ModClassificarTelefone', 5, 1, 0, 1, NULL, 0, NULL, NULL);
INSERT INTO crm.menusub
(cod_menusub, cod_menutop, descricao, modulovar, nivel, habilitar, mobile, codgrupo_menu, id_frm, exibir_menu, configuracao, id_perfis_acesso)
VALUES(150, 3, 'CSV - WL', 'ModWLImportar', 4, 0, 0, 9, NULL, 1, NULL, NULL);
INSERT INTO crm.menusub
(cod_menusub, cod_menutop, descricao, modulovar, nivel, habilitar, mobile, codgrupo_menu, id_frm, exibir_menu, configuracao, id_perfis_acesso)
VALUES(149, 2, 'WL', 'ModWL', 4, 0, 0, 9, NULL, 1, NULL, NULL);
INSERT INTO crm.menusub
(cod_menusub, cod_menutop, descricao, modulovar, nivel, habilitar, mobile, codgrupo_menu, id_frm, exibir_menu, configuracao, id_perfis_acesso)
VALUES(148, 5, 'Faturamento', 'ModRelLojaFaturamento', 4, 0, 0, 5, NULL, 1, NULL, '{}');
INSERT INTO crm.menusub
(cod_menusub, cod_menutop, descricao, modulovar, nivel, habilitar, mobile, codgrupo_menu, id_frm, exibir_menu, configuracao, id_perfis_acesso)
VALUES(147, 7, 'Receptivo', 'ModRelGraficoReceptivo', 4, 1, 0, 5, NULL, 1, NULL, '{}');
INSERT INTO crm.menusub
(cod_menusub, cod_menutop, descricao, modulovar, nivel, habilitar, mobile, codgrupo_menu, id_frm, exibir_menu, configuracao, id_perfis_acesso)
VALUES(146, 7, 'Fila', 'ModMonitoraFila', 4, 1, 0, 39, NULL, 1, NULL, '{2,3}');
INSERT INTO crm.menusub
(cod_menusub, cod_menutop, descricao, modulovar, nivel, habilitar, mobile, codgrupo_menu, id_frm, exibir_menu, configuracao, id_perfis_acesso)
VALUES(145, 11, 'Callback', 'ModCallback', 4, 1, 0, 43, NULL, 1, NULL, '{4}');
INSERT INTO crm.menusub
(cod_menusub, cod_menutop, descricao, modulovar, nivel, habilitar, mobile, codgrupo_menu, id_frm, exibir_menu, configuracao, id_perfis_acesso)
VALUES(143, 7, 'Áudios', 'ModAudios', 4, 1, 0, 38, NULL, 1, NULL, '{2,3}');
INSERT INTO crm.menusub
(cod_menusub, cod_menutop, descricao, modulovar, nivel, habilitar, mobile, codgrupo_menu, id_frm, exibir_menu, configuracao, id_perfis_acesso)
VALUES(142, 7, 'Callback manual-descontinuado', 'ModRelCallback', 4, 0, 0, 41, NULL, 0, NULL, '{}');
INSERT INTO crm.menusub
(cod_menusub, cod_menutop, descricao, modulovar, nivel, habilitar, mobile, codgrupo_menu, id_frm, exibir_menu, configuracao, id_perfis_acesso)
VALUES(141, 7, 'URA', 'ModURA', 4, 1, 0, 38, NULL, 1, NULL, '{2,3}');
INSERT INTO crm.menusub
(cod_menusub, cod_menutop, descricao, modulovar, nivel, habilitar, mobile, codgrupo_menu, id_frm, exibir_menu, configuracao, id_perfis_acesso)
VALUES(140, 1, 'Fidelização', 'ModFidelizacao', 4, 0, 0, 3, NULL, 1, NULL, NULL);
INSERT INTO crm.menusub
(cod_menusub, cod_menutop, descricao, modulovar, nivel, habilitar, mobile, codgrupo_menu, id_frm, exibir_menu, configuracao, id_perfis_acesso)
VALUES(139, 10, 'Movimentações - Pedido', 'ModRelMovimentacoesPedido', 4, 1, 0, 41, NULL, 1, NULL, NULL);
INSERT INTO crm.menusub
(cod_menusub, cod_menutop, descricao, modulovar, nivel, habilitar, mobile, codgrupo_menu, id_frm, exibir_menu, configuracao, id_perfis_acesso)
VALUES(138, 10, 'Remover movimentação produto', 'ModStatusProdutoRemoverMov', 4, 0, 0, 12, NULL, 1, NULL, NULL);
INSERT INTO crm.menusub
(cod_menusub, cod_menutop, descricao, modulovar, nivel, habilitar, mobile, codgrupo_menu, id_frm, exibir_menu, configuracao, id_perfis_acesso)
VALUES(137, 10, 'Remover movimentação pedido', 'ModStatusPedidoRemoverMov', 4, 0, 0, 12, NULL, 1, NULL, NULL);
INSERT INTO crm.menusub
(cod_menusub, cod_menutop, descricao, modulovar, nivel, habilitar, mobile, codgrupo_menu, id_frm, exibir_menu, configuracao, id_perfis_acesso)
VALUES(136, 7, 'Receptivo / Callback', 'ModRelChamadasReceptivo', 4, 0, 0, 41, NULL, 1, NULL, '{1}');
INSERT INTO crm.menusub
(cod_menusub, cod_menutop, descricao, modulovar, nivel, habilitar, mobile, codgrupo_menu, id_frm, exibir_menu, configuracao, id_perfis_acesso)
VALUES(135, 7, 'Relatório Analítico', 'ModRelCampanhasCC', 4, 0, 0, 41, NULL, 0, NULL, '{1,2,3}');
INSERT INTO crm.menusub
(cod_menusub, cod_menutop, descricao, modulovar, nivel, habilitar, mobile, codgrupo_menu, id_frm, exibir_menu, configuracao, id_perfis_acesso)
VALUES(134, 12, 'Grau de Parentesco', 'ModGrauParentesco', 4, 1, 0, 1, NULL, 1, NULL, NULL);
INSERT INTO crm.menusub
(cod_menusub, cod_menutop, descricao, modulovar, nivel, habilitar, mobile, codgrupo_menu, id_frm, exibir_menu, configuracao, id_perfis_acesso)
VALUES(133, 10, 'Produtos - Movimentação', 'ModRelProdutosMov', 4, 1, 0, 41, NULL, 1, NULL, NULL);
INSERT INTO crm.menusub
(cod_menusub, cod_menutop, descricao, modulovar, nivel, habilitar, mobile, codgrupo_menu, id_frm, exibir_menu, configuracao, id_perfis_acesso)
VALUES(132, 7, 'Preview / Manual', 'ModRelChamadasManuais', 4, 0, 0, 41, NULL, 1, NULL, '{2,3}');
INSERT INTO crm.menusub
(cod_menusub, cod_menutop, descricao, modulovar, nivel, habilitar, mobile, codgrupo_menu, id_frm, exibir_menu, configuracao, id_perfis_acesso)
VALUES(131, 11, 'CDR', 'ModRelCdr', 4, 1, 0, 41, NULL, 1, NULL, '{4}');
INSERT INTO crm.menusub
(cod_menusub, cod_menutop, descricao, modulovar, nivel, habilitar, mobile, codgrupo_menu, id_frm, exibir_menu, configuracao, id_perfis_acesso)
VALUES(130, 7, 'Chamadas Discador', 'ModRelChamadasDiscador', 4, 0, 0, 41, NULL, 1, NULL, '{2,3}');
INSERT INTO crm.menusub
(cod_menusub, cod_menutop, descricao, modulovar, nivel, habilitar, mobile, codgrupo_menu, id_frm, exibir_menu, configuracao, id_perfis_acesso)
VALUES(129, 7, 'FirePhone - Webservice- descontinuado', 'ModFireWebservice', 4, 0, 0, 4, NULL, 0, NULL, '{}');
INSERT INTO crm.menusub
(cod_menusub, cod_menutop, descricao, modulovar, nivel, habilitar, mobile, codgrupo_menu, id_frm, exibir_menu, configuracao, id_perfis_acesso)
VALUES(128, 11, 'Música de espera', 'ModMusicaEspera', 5, 1, 0, 42, NULL, 1, NULL, '{}');
INSERT INTO crm.menusub
(cod_menusub, cod_menutop, descricao, modulovar, nivel, habilitar, mobile, codgrupo_menu, id_frm, exibir_menu, configuracao, id_perfis_acesso)
VALUES(127, 7, 'Discador', 'ModMonitoraDiscador', 4, 0, 0, 39, NULL, 1, NULL, '{2,3}');
INSERT INTO crm.menusub
(cod_menusub, cod_menutop, descricao, modulovar, nivel, habilitar, mobile, codgrupo_menu, id_frm, exibir_menu, configuracao, id_perfis_acesso)
VALUES(126, 7, 'Importação', 'ModLeadImportacaoNEW', 4, 1, 0, 4, NULL, 1, NULL, '{}');
INSERT INTO crm.menusub
(cod_menusub, cod_menutop, descricao, modulovar, nivel, habilitar, mobile, codgrupo_menu, id_frm, exibir_menu, configuracao, id_perfis_acesso)
VALUES(125, 7, 'Subclassificação de contatos', 'ModContatosSubclassificacao', 4, 1, 0, 38, NULL, 1, NULL, '{}');
INSERT INTO crm.menusub
(cod_menusub, cod_menutop, descricao, modulovar, nivel, habilitar, mobile, codgrupo_menu, id_frm, exibir_menu, configuracao, id_perfis_acesso)
VALUES(124, 12, 'Tipo de contatos', 'ModContatosTipo', 4, 1, 0, 1, NULL, 1, NULL, NULL);
INSERT INTO crm.menusub
(cod_menusub, cod_menutop, descricao, modulovar, nivel, habilitar, mobile, codgrupo_menu, id_frm, exibir_menu, configuracao, id_perfis_acesso)
VALUES(123, 7, 'Campanhas', 'ModCallCenterCampanhas', 4, 1, 0, 4, NULL, 1, NULL, '{1,2,3}');
INSERT INTO crm.menusub
(cod_menusub, cod_menutop, descricao, modulovar, nivel, habilitar, mobile, codgrupo_menu, id_frm, exibir_menu, configuracao, id_perfis_acesso)
VALUES(122, 10, 'Atualizar - Status Produto / Protocolo', 'ModMovImpProdutosPedido', 4, 1, 0, 8, NULL, 1, NULL, NULL);
INSERT INTO crm.menusub
(cod_menusub, cod_menutop, descricao, modulovar, nivel, habilitar, mobile, codgrupo_menu, id_frm, exibir_menu, configuracao, id_perfis_acesso)
VALUES(121, 10, 'Grupo  Status de Produto', 'ModGrupoStatusProduto', 4, 1, 0, 38, NULL, 1, NULL, NULL);
INSERT INTO crm.menusub
(cod_menusub, cod_menutop, descricao, modulovar, nivel, habilitar, mobile, codgrupo_menu, id_frm, exibir_menu, configuracao, id_perfis_acesso)
VALUES(120, 12, 'Atualizar dados de cliente', 'ModClassificacaoClienteCsv', 4, 1, 0, 8, NULL, 1, NULL, NULL);
INSERT INTO crm.menusub
(cod_menusub, cod_menutop, descricao, modulovar, nivel, habilitar, mobile, codgrupo_menu, id_frm, exibir_menu, configuracao, id_perfis_acesso)
VALUES(119, 11, 'Ocupação de canais - descontinuado', 'ModRelCallCenterCanais', 4, 0, 0, 41, NULL, 0, NULL, '{}');
INSERT INTO crm.menusub
(cod_menusub, cod_menutop, descricao, modulovar, nivel, habilitar, mobile, codgrupo_menu, id_frm, exibir_menu, configuracao, id_perfis_acesso)
VALUES(118, 7, 'Tempos de agentes', 'ModRelCallCenterAgentes', 2, 1, 0, 41, NULL, 1, NULL, '{1,3}');
INSERT INTO crm.menusub
(cod_menusub, cod_menutop, descricao, modulovar, nivel, habilitar, mobile, codgrupo_menu, id_frm, exibir_menu, configuracao, id_perfis_acesso)
VALUES(117, 7, 'Login / Logoff', 'ModRelCallCenterAcesso', 4, 1, 0, 41, NULL, 1, NULL, '{2,3}');
INSERT INTO crm.menusub
(cod_menusub, cod_menutop, descricao, modulovar, nivel, habilitar, mobile, codgrupo_menu, id_frm, exibir_menu, configuracao, id_perfis_acesso)
VALUES(116, 7, 'Pausas Detalhado', 'ModRelCallCenterPausas', 4, 1, 0, 41, NULL, 1, NULL, '{2,3}');
INSERT INTO crm.menusub
(cod_menusub, cod_menutop, descricao, modulovar, nivel, habilitar, mobile, codgrupo_menu, id_frm, exibir_menu, configuracao, id_perfis_acesso)
VALUES(115, 7, 'Pausas', 'ModPausas', 4, 1, 0, 38, NULL, 1, NULL, '{2,3}');
INSERT INTO crm.menusub
(cod_menusub, cod_menutop, descricao, modulovar, nivel, habilitar, mobile, codgrupo_menu, id_frm, exibir_menu, configuracao, id_perfis_acesso)
VALUES(114, 11, 'Filas- descontinuado', 'ModFilas', 4, 0, 0, 39, NULL, 0, NULL, '{}');
INSERT INTO crm.menusub
(cod_menusub, cod_menutop, descricao, modulovar, nivel, habilitar, mobile, codgrupo_menu, id_frm, exibir_menu, configuracao, id_perfis_acesso)
VALUES(113, 11, 'Ramais- descontinuado', 'ModRamais', 4, 0, 0, 42, NULL, 0, NULL, '{}');
INSERT INTO crm.menusub
(cod_menusub, cod_menutop, descricao, modulovar, nivel, habilitar, mobile, codgrupo_menu, id_frm, exibir_menu, configuracao, id_perfis_acesso)
VALUES(112, 7, 'Agentes', 'ModMonitoraAgentes', 2, 1, 0, 39, NULL, 1, NULL, '{1,3}');
INSERT INTO crm.menusub
(cod_menusub, cod_menutop, descricao, modulovar, nivel, habilitar, mobile, codgrupo_menu, id_frm, exibir_menu, configuracao, id_perfis_acesso)
VALUES(111, 7, 'Consultar', 'ModConsultaGravacoes', 4, 0, 0, 31, NULL, 1, NULL, NULL);
INSERT INTO crm.menusub
(cod_menusub, cod_menutop, descricao, modulovar, nivel, habilitar, mobile, codgrupo_menu, id_frm, exibir_menu, configuracao, id_perfis_acesso)
VALUES(110, 12, 'CSV - Terminal - Zona Concorrente', 'ModTerminalImpZona', 4, 0, 0, 10, NULL, 1, NULL, NULL);
INSERT INTO crm.menusub
(cod_menusub, cod_menutop, descricao, modulovar, nivel, habilitar, mobile, codgrupo_menu, id_frm, exibir_menu, configuracao, id_perfis_acesso)
VALUES(109, 12, 'CSV - Terminal - Bloqueado', 'ModTerminalImpBloqueado', 4, 0, 0, 10, NULL, 1, NULL, NULL);
INSERT INTO crm.menusub
(cod_menusub, cod_menutop, descricao, modulovar, nivel, habilitar, mobile, codgrupo_menu, id_frm, exibir_menu, configuracao, id_perfis_acesso)
VALUES(108, 12, 'CSV - Terminal - Não Bilhetada', 'ModTerminalImpBilhetada', 4, 0, 0, 10, NULL, 1, NULL, NULL);
INSERT INTO crm.menusub
(cod_menusub, cod_menutop, descricao, modulovar, nivel, habilitar, mobile, codgrupo_menu, id_frm, exibir_menu, configuracao, id_perfis_acesso)
VALUES(107, 7, 'Agentes', 'ModAgentes', 4, 1, 0, 38, NULL, 1, NULL, '{}');
INSERT INTO crm.menusub
(cod_menusub, cod_menutop, descricao, modulovar, nivel, habilitar, mobile, codgrupo_menu, id_frm, exibir_menu, configuracao, id_perfis_acesso)
VALUES(106, 10, 'Motivos', 'ModMotivoStatusProduto', 4, 1, 0, 38, NULL, 1, NULL, NULL);
INSERT INTO crm.menusub
(cod_menusub, cod_menutop, descricao, modulovar, nivel, habilitar, mobile, codgrupo_menu, id_frm, exibir_menu, configuracao, id_perfis_acesso)
VALUES(105, 5, 'Dashboards', 'ModRelDashboards', 4, 1, 0, 5, NULL, 1, NULL, '{2,3}');
INSERT INTO crm.menusub
(cod_menusub, cod_menutop, descricao, modulovar, nivel, habilitar, mobile, codgrupo_menu, id_frm, exibir_menu, configuracao, id_perfis_acesso)
VALUES(104, 12, 'CSV - Terminal - Apagar', 'ModTerminalApagar', 4, 0, 0, 10, NULL, 1, NULL, NULL);
INSERT INTO crm.menusub
(cod_menusub, cod_menutop, descricao, modulovar, nivel, habilitar, mobile, codgrupo_menu, id_frm, exibir_menu, configuracao, id_perfis_acesso)
VALUES(103, 1, 'Logs do sistema', 'ModRelLogs', 4, 1, 0, 41, NULL, 1, NULL, NULL);
INSERT INTO crm.menusub
(cod_menusub, cod_menutop, descricao, modulovar, nivel, habilitar, mobile, codgrupo_menu, id_frm, exibir_menu, configuracao, id_perfis_acesso)
VALUES(102, 10, 'Alterar Status de Produto', 'ModStatusProdutoCsv', 2, 1, 0, 8, NULL, 1, NULL, '{1,2,3}');
INSERT INTO crm.menusub
(cod_menusub, cod_menutop, descricao, modulovar, nivel, habilitar, mobile, codgrupo_menu, id_frm, exibir_menu, configuracao, id_perfis_acesso)
VALUES(101, 10, 'Pendências status de produto', 'ModPendenciasStatusProduto', 4, 0, 0, 38, NULL, 1, NULL, NULL);
INSERT INTO crm.menusub
(cod_menusub, cod_menutop, descricao, modulovar, nivel, habilitar, mobile, codgrupo_menu, id_frm, exibir_menu, configuracao, id_perfis_acesso)
VALUES(100, 10, 'Status de Produto', 'ModStatusProduto', 4, 1, 0, 38, NULL, 1, NULL, NULL);
INSERT INTO crm.menusub
(cod_menusub, cod_menutop, descricao, modulovar, nivel, habilitar, mobile, codgrupo_menu, id_frm, exibir_menu, configuracao, id_perfis_acesso)
VALUES(99, 12, 'CSV - Terminal', 'ModTerminalImportar', 4, 0, 0, 10, NULL, 1, NULL, NULL);
INSERT INTO crm.menusub
(cod_menusub, cod_menutop, descricao, modulovar, nivel, habilitar, mobile, codgrupo_menu, id_frm, exibir_menu, configuracao, id_perfis_acesso)
VALUES(98, 1, 'Colaborador', 'ModRelColaborador', 4, 0, 0, 29, NULL, 1, NULL, NULL);
INSERT INTO crm.menusub
(cod_menusub, cod_menutop, descricao, modulovar, nivel, habilitar, mobile, codgrupo_menu, id_frm, exibir_menu, configuracao, id_perfis_acesso)
VALUES(96, 1, 'Colaboradores', 'ModColaborador', 4, 0, 0, 29, NULL, 1, NULL, '{2,3}');
INSERT INTO crm.menusub
(cod_menusub, cod_menutop, descricao, modulovar, nivel, habilitar, mobile, codgrupo_menu, id_frm, exibir_menu, configuracao, id_perfis_acesso)
VALUES(94, 7, 'Blacklist', 'ModBlacklistImportar', 4, 1, 0, 4, NULL, 1, NULL, '{2,3}');
INSERT INTO crm.menusub
(cod_menusub, cod_menutop, descricao, modulovar, nivel, habilitar, mobile, codgrupo_menu, id_frm, exibir_menu, configuracao, id_perfis_acesso)
VALUES(93, 2, 'Localidades', 'ModGeovendasLocalidade', 4, 0, 0, 9, NULL, 1, NULL, NULL);
INSERT INTO crm.menusub
(cod_menusub, cod_menutop, descricao, modulovar, nivel, habilitar, mobile, codgrupo_menu, id_frm, exibir_menu, configuracao, id_perfis_acesso)
VALUES(92, 1, 'Controle do Sistema', 'ModRelControleSistema', 5, 1, 0, 38, NULL, 1, NULL, '{}');
INSERT INTO crm.menusub
(cod_menusub, cod_menutop, descricao, modulovar, nivel, habilitar, mobile, codgrupo_menu, id_frm, exibir_menu, configuracao, id_perfis_acesso)
VALUES(91, 12, 'Blacklist', 'ModBlacklist', 4, 1, 0, 1, NULL, 1, NULL, '{2,3}');
INSERT INTO crm.menusub
(cod_menusub, cod_menutop, descricao, modulovar, nivel, habilitar, mobile, codgrupo_menu, id_frm, exibir_menu, configuracao, id_perfis_acesso)
VALUES(89, 1, 'Campos do Geovendas', 'ModGeovendasConfig', 4, 0, 0, 38, NULL, 1, NULL, '{}');
INSERT INTO crm.menusub
(cod_menusub, cod_menutop, descricao, modulovar, nivel, habilitar, mobile, codgrupo_menu, id_frm, exibir_menu, configuracao, id_perfis_acesso)
VALUES(88, 3, 'Transferir pedidos', 'ModPedidosTransferir', 4, 0, 0, NULL, NULL, 1, NULL, '{2,3}');
INSERT INTO crm.menusub
(cod_menusub, cod_menutop, descricao, modulovar, nivel, habilitar, mobile, codgrupo_menu, id_frm, exibir_menu, configuracao, id_perfis_acesso)
VALUES(87, 1, 'Operadoras', 'ModOperadora', 4, 1, 0, 3, NULL, 1, NULL, NULL);
INSERT INTO crm.menusub
(cod_menusub, cod_menutop, descricao, modulovar, nivel, habilitar, mobile, codgrupo_menu, id_frm, exibir_menu, configuracao, id_perfis_acesso)
VALUES(86, 1, 'Ações Personalizadas', 'ModPersonalizacao', 5, 1, 0, 38, NULL, 1, NULL, '{}');
INSERT INTO crm.menusub
(cod_menusub, cod_menutop, descricao, modulovar, nivel, habilitar, mobile, codgrupo_menu, id_frm, exibir_menu, configuracao, id_perfis_acesso)
VALUES(85, 10, 'Sintético', 'ModRelPedidosSintetico', 4, 1, 0, 41, NULL, 1, NULL, '{2,3}');
INSERT INTO crm.menusub
(cod_menusub, cod_menutop, descricao, modulovar, nivel, habilitar, mobile, codgrupo_menu, id_frm, exibir_menu, configuracao, id_perfis_acesso)
VALUES(83, 2, 'Geovendas', 'ModGeovendasEnriquecer', 4, 0, 0, 9, NULL, 1, NULL, NULL);
INSERT INTO crm.menusub
(cod_menusub, cod_menutop, descricao, modulovar, nivel, habilitar, mobile, codgrupo_menu, id_frm, exibir_menu, configuracao, id_perfis_acesso)
VALUES(82, 3, 'Excel - Geovendas', 'ModGeovendas', 4, 0, 0, 9, NULL, 1, NULL, NULL);
INSERT INTO crm.menusub
(cod_menusub, cod_menutop, descricao, modulovar, nivel, habilitar, mobile, codgrupo_menu, id_frm, exibir_menu, configuracao, id_perfis_acesso)
VALUES(81, 3, 'CSV - Viabilidade por CEP', 'ModViabilidadeCep_Importar', 4, 0, 0, 9, NULL, 1, NULL, NULL);
INSERT INTO crm.menusub
(cod_menusub, cod_menutop, descricao, modulovar, nivel, habilitar, mobile, codgrupo_menu, id_frm, exibir_menu, configuracao, id_perfis_acesso)
VALUES(80, 2, 'CEP', 'ModViabilidade_cep', 4, 0, 0, 9, NULL, 1, NULL, NULL);
INSERT INTO crm.menusub
(cod_menusub, cod_menutop, descricao, modulovar, nivel, habilitar, mobile, codgrupo_menu, id_frm, exibir_menu, configuracao, id_perfis_acesso)
VALUES(79, 1, 'Organograma de Pessoal', 'ModRelOrganogramaPessoal', 4, 1, 0, 41, NULL, 1, NULL, NULL);
INSERT INTO crm.menusub
(cod_menusub, cod_menutop, descricao, modulovar, nivel, habilitar, mobile, codgrupo_menu, id_frm, exibir_menu, configuracao, id_perfis_acesso)
VALUES(78, 10, 'Campos de Pedidos', 'ModPedidosCamposPersonalizados', 4, 1, 0, 38, NULL, 1, NULL, '{}');
INSERT INTO crm.menusub
(cod_menusub, cod_menutop, descricao, modulovar, nivel, habilitar, mobile, codgrupo_menu, id_frm, exibir_menu, configuracao, id_perfis_acesso)
VALUES(73, 2, 'Enriquecimento', 'ModEnriquecimento', 4, 0, 0, 1, NULL, 1, NULL, NULL);
INSERT INTO crm.menusub
(cod_menusub, cod_menutop, descricao, modulovar, nivel, habilitar, mobile, codgrupo_menu, id_frm, exibir_menu, configuracao, id_perfis_acesso)
VALUES(71, 10, 'Produtos', 'ModProdutoImportar', 4, 1, 0, 8, NULL, 1, NULL, '{}');
INSERT INTO crm.menusub
(cod_menusub, cod_menutop, descricao, modulovar, nivel, habilitar, mobile, codgrupo_menu, id_frm, exibir_menu, configuracao, id_perfis_acesso)
VALUES(70, 10, 'Grupo de Status de Pedido', 'ModGrupoStatusPedido', 4, 1, 0, 12, NULL, 1, NULL, NULL);
INSERT INTO crm.menusub
(cod_menusub, cod_menutop, descricao, modulovar, nivel, habilitar, mobile, codgrupo_menu, id_frm, exibir_menu, configuracao, id_perfis_acesso)
VALUES(69, 10, 'Tabela de bonificação', 'ModMetasBonus', 4, 1, 0, 3, NULL, 1, NULL, NULL);
INSERT INTO crm.menusub
(cod_menusub, cod_menutop, descricao, modulovar, nivel, habilitar, mobile, codgrupo_menu, id_frm, exibir_menu, configuracao, id_perfis_acesso)
VALUES(68, 1, 'Relatório de Usuários', 'ModRelUsuarios', 4, 1, 0, 41, NULL, 1, NULL, '{}');
INSERT INTO crm.menusub
(cod_menusub, cod_menutop, descricao, modulovar, nivel, habilitar, mobile, codgrupo_menu, id_frm, exibir_menu, configuracao, id_perfis_acesso)
VALUES(66, 1, 'Questionários', 'ModQuestionarios', 4, 0, 0, 3, NULL, 1, NULL, NULL);
INSERT INTO crm.menusub
(cod_menusub, cod_menutop, descricao, modulovar, nivel, habilitar, mobile, codgrupo_menu, id_frm, exibir_menu, configuracao, id_perfis_acesso)
VALUES(65, 5, 'Contas a Pagar/Receber', 'ModRelTitulos', 4, 0, 0, NULL, NULL, 1, NULL, NULL);
INSERT INTO crm.menusub
(cod_menusub, cod_menutop, descricao, modulovar, nivel, habilitar, mobile, codgrupo_menu, id_frm, exibir_menu, configuracao, id_perfis_acesso)
VALUES(64, 10, 'Faturamento x Metas', 'ModRelMetas', 4, 1, 0, 41, NULL, 1, NULL, '{}');
INSERT INTO crm.menusub
(cod_menusub, cod_menutop, descricao, modulovar, nivel, habilitar, mobile, codgrupo_menu, id_frm, exibir_menu, configuracao, id_perfis_acesso)
VALUES(63, 10, 'Lançamento de Metas', 'ModLancamentoMetas', 4, 0, 0, 3, NULL, 1, NULL, NULL);
INSERT INTO crm.menusub
(cod_menusub, cod_menutop, descricao, modulovar, nivel, habilitar, mobile, codgrupo_menu, id_frm, exibir_menu, configuracao, id_perfis_acesso)
VALUES(62, 10, 'Alterar Status de Pedido', 'ModStatusPedidoCsv', 2, 1, 0, 8, NULL, 1, NULL, '{1,2,3,4}');
INSERT INTO crm.menusub
(cod_menusub, cod_menutop, descricao, modulovar, nivel, habilitar, mobile, codgrupo_menu, id_frm, exibir_menu, configuracao, id_perfis_acesso)
VALUES(61, 1, 'Modelo de documentos', 'ModDocsModelos', 4, 0, 0, 3, NULL, 1, NULL, NULL);
INSERT INTO crm.menusub
(cod_menusub, cod_menutop, descricao, modulovar, nivel, habilitar, mobile, codgrupo_menu, id_frm, exibir_menu, configuracao, id_perfis_acesso)
VALUES(60, 3, 'Transferir acionamentos', 'ModTelemarketingTransferir', 4, 0, 0, NULL, NULL, 1, NULL, '{2,3}');
INSERT INTO crm.menusub
(cod_menusub, cod_menutop, descricao, modulovar, nivel, habilitar, mobile, codgrupo_menu, id_frm, exibir_menu, configuracao, id_perfis_acesso)
VALUES(59, 10, 'Estoque', 'ModRelEstoque', 4, 0, 0, 38, NULL, 1, NULL, NULL);
INSERT INTO crm.menusub
(cod_menusub, cod_menutop, descricao, modulovar, nivel, habilitar, mobile, codgrupo_menu, id_frm, exibir_menu, configuracao, id_perfis_acesso)
VALUES(58, 10, 'Entrada de estoque', 'ModEntradaEstoque', 4, 0, 0, 38, NULL, 0, NULL, NULL);
INSERT INTO crm.menusub
(cod_menusub, cod_menutop, descricao, modulovar, nivel, habilitar, mobile, codgrupo_menu, id_frm, exibir_menu, configuracao, id_perfis_acesso)
VALUES(57, 10, 'Tabela de preços', 'ModRelCadProdutos', 4, 0, 0, 38, NULL, 1, NULL, NULL);
INSERT INTO crm.menusub
(cod_menusub, cod_menutop, descricao, modulovar, nivel, habilitar, mobile, codgrupo_menu, id_frm, exibir_menu, configuracao, id_perfis_acesso)
VALUES(55, 2, 'Contas a receber', 'ModContasReceber', 4, 0, 0, 20, NULL, 1, NULL, NULL);
INSERT INTO crm.menusub
(cod_menusub, cod_menutop, descricao, modulovar, nivel, habilitar, mobile, codgrupo_menu, id_frm, exibir_menu, configuracao, id_perfis_acesso)
VALUES(54, 2, 'Operações financeiras', 'ModOperacoesFinanceiras', 4, 0, 0, 20, NULL, 1, NULL, NULL);
INSERT INTO crm.menusub
(cod_menusub, cod_menutop, descricao, modulovar, nivel, habilitar, mobile, codgrupo_menu, id_frm, exibir_menu, configuracao, id_perfis_acesso)
VALUES(53, 12, 'Clientes', 'ModRelClientes', 4, 1, 0, 41, NULL, 1, NULL, '{}');
INSERT INTO crm.menusub
(cod_menusub, cod_menutop, descricao, modulovar, nivel, habilitar, mobile, codgrupo_menu, id_frm, exibir_menu, configuracao, id_perfis_acesso)
VALUES(52, 5, 'Conferências', 'ModRelConferencias', 5, 0, 0, NULL, NULL, 1, NULL, NULL);
INSERT INTO crm.menusub
(cod_menusub, cod_menutop, descricao, modulovar, nivel, habilitar, mobile, codgrupo_menu, id_frm, exibir_menu, configuracao, id_perfis_acesso)
VALUES(51, 3, 'Conferências', 'ModConferenciaImportar', 5, 0, 0, 9, NULL, 1, NULL, NULL);
INSERT INTO crm.menusub
(cod_menusub, cod_menutop, descricao, modulovar, nivel, habilitar, mobile, codgrupo_menu, id_frm, exibir_menu, configuracao, id_perfis_acesso)
VALUES(50, 2, 'Centro de Custo', 'ModCentroCusto', 4, 0, 0, 20, NULL, 1, NULL, NULL);
INSERT INTO crm.menusub
(cod_menusub, cod_menutop, descricao, modulovar, nivel, habilitar, mobile, codgrupo_menu, id_frm, exibir_menu, configuracao, id_perfis_acesso)
VALUES(49, 10, 'Funil de Vendas', 'ModRelFunilVendas', 4, 1, 0, 5, NULL, 1, NULL, '{}');
INSERT INTO crm.menusub
(cod_menusub, cod_menutop, descricao, modulovar, nivel, habilitar, mobile, codgrupo_menu, id_frm, exibir_menu, configuracao, id_perfis_acesso)
VALUES(47, 10, 'Vendas Produtos', 'ModRelVendasProdutos', 4, 1, 0, 5, NULL, 1, NULL, '{}');
INSERT INTO crm.menusub
(cod_menusub, cod_menutop, descricao, modulovar, nivel, habilitar, mobile, codgrupo_menu, id_frm, exibir_menu, configuracao, id_perfis_acesso)
VALUES(45, 10, 'Tabela de metas', 'ModTabelaMetas', 4, 1, 0, 3, NULL, 1, NULL, NULL);
INSERT INTO crm.menusub
(cod_menusub, cod_menutop, descricao, modulovar, nivel, habilitar, mobile, codgrupo_menu, id_frm, exibir_menu, configuracao, id_perfis_acesso)
VALUES(44, 10, 'Produtos', 'ModRelProdutos', 4, 1, 0, 41, NULL, 1, NULL, '{2,3}');
INSERT INTO crm.menusub
(cod_menusub, cod_menutop, descricao, modulovar, nivel, habilitar, mobile, codgrupo_menu, id_frm, exibir_menu, configuracao, id_perfis_acesso)
VALUES(43, 7, 'Relatório de Campanhas', 'ModRelCampanhas', 4, 0, 0, 41, NULL, 0, NULL, '{2,3}');
INSERT INTO crm.menusub
(cod_menusub, cod_menutop, descricao, modulovar, nivel, habilitar, mobile, codgrupo_menu, id_frm, exibir_menu, configuracao, id_perfis_acesso)
VALUES(42, 12, 'Acionamentos', 'ModTelemarketingListar', 2, 1, 0, 41, NULL, 1, NULL, '{1,2,3}');
INSERT INTO crm.menusub
(cod_menusub, cod_menutop, descricao, modulovar, nivel, habilitar, mobile, codgrupo_menu, id_frm, exibir_menu, configuracao, id_perfis_acesso)
VALUES(39, 10, 'Analítico', 'ModPedidosListar', 1, 1, 0, 41, NULL, 1, NULL, '{2,3}');
INSERT INTO crm.menusub
(cod_menusub, cod_menutop, descricao, modulovar, nivel, habilitar, mobile, codgrupo_menu, id_frm, exibir_menu, configuracao, id_perfis_acesso)
VALUES(38, 12, 'Campos de Clientes', 'ModCamposPersonalizados', 4, 1, 0, 38, NULL, 1, NULL, '{}');
INSERT INTO crm.menusub
(cod_menusub, cod_menutop, descricao, modulovar, nivel, habilitar, mobile, codgrupo_menu, id_frm, exibir_menu, configuracao, id_perfis_acesso)
VALUES(37, 7, 'Exportar registros para campanha', 'ModClienteExportar', 4, 0, 0, 4, NULL, 1, NULL, '{2,3}');
INSERT INTO crm.menusub
(cod_menusub, cod_menutop, descricao, modulovar, nivel, habilitar, mobile, codgrupo_menu, id_frm, exibir_menu, configuracao, id_perfis_acesso)
VALUES(36, 12, 'Clientes', 'ModClienteImportar', 4, 1, 0, 8, NULL, 1, NULL, '{2,3}');
INSERT INTO crm.menusub
(cod_menusub, cod_menutop, descricao, modulovar, nivel, habilitar, mobile, codgrupo_menu, id_frm, exibir_menu, configuracao, id_perfis_acesso)
VALUES(35, 2, 'Contas a pagar', 'ModContasPagar', 4, 0, 0, 20, NULL, 1, NULL, NULL);
INSERT INTO crm.menusub
(cod_menusub, cod_menutop, descricao, modulovar, nivel, habilitar, mobile, codgrupo_menu, id_frm, exibir_menu, configuracao, id_perfis_acesso)
VALUES(34, 1, 'Grupos de Menu', 'ModGruposMenu', 5, 1, 0, 38, NULL, 1, NULL, '{}');
INSERT INTO crm.menusub
(cod_menusub, cod_menutop, descricao, modulovar, nivel, habilitar, mobile, codgrupo_menu, id_frm, exibir_menu, configuracao, id_perfis_acesso)
VALUES(33, 2, 'Condição de Pagamento', 'ModCondicaoPagamento', 4, 0, 0, 20, NULL, 1, NULL, NULL);
INSERT INTO crm.menusub
(cod_menusub, cod_menutop, descricao, modulovar, nivel, habilitar, mobile, codgrupo_menu, id_frm, exibir_menu, configuracao, id_perfis_acesso)
VALUES(32, 2, 'Contas Financeiras', 'ModContasFinanceiras', 4, 0, 0, 20, NULL, 1, NULL, NULL);
INSERT INTO crm.menusub
(cod_menusub, cod_menutop, descricao, modulovar, nivel, habilitar, mobile, codgrupo_menu, id_frm, exibir_menu, configuracao, id_perfis_acesso)
VALUES(31, 1, 'Sistema', 'ModConfiguracoes', 5, 1, 0, 38, NULL, 1, NULL, NULL);
INSERT INTO crm.menusub
(cod_menusub, cod_menutop, descricao, modulovar, nivel, habilitar, mobile, codgrupo_menu, id_frm, exibir_menu, configuracao, id_perfis_acesso)
VALUES(30, 1, 'Troca de Senha', 'ModTrocaSenha', 4, 1, 0, 37, NULL, 1, NULL, '{1,2,3}');
INSERT INTO crm.menusub
(cod_menusub, cod_menutop, descricao, modulovar, nivel, habilitar, mobile, codgrupo_menu, id_frm, exibir_menu, configuracao, id_perfis_acesso)
VALUES(29, 1, 'Permissão por Grupos', 'ModPermissoesGrupos', 5, 1, 0, 37, NULL, 1, NULL, '{3}');
INSERT INTO crm.menusub
(cod_menusub, cod_menutop, descricao, modulovar, nivel, habilitar, mobile, codgrupo_menu, id_frm, exibir_menu, configuracao, id_perfis_acesso)
VALUES(28, 1, 'Grupos de Usuários', 'ModUsuariosGrupos', 4, 1, 0, 37, NULL, 1, NULL, '{3}');
INSERT INTO crm.menusub
(cod_menusub, cod_menutop, descricao, modulovar, nivel, habilitar, mobile, codgrupo_menu, id_frm, exibir_menu, configuracao, id_perfis_acesso)
VALUES(27, 12, 'Cliente', 'ModClienteAcoes', 4, 1, 2, 1, NULL, 1, NULL, '{1,2,3,4,5,6}');
INSERT INTO crm.menusub
(cod_menusub, cod_menutop, descricao, modulovar, nivel, habilitar, mobile, codgrupo_menu, id_frm, exibir_menu, configuracao, id_perfis_acesso)
VALUES(26, 12, 'Cliente - Inserção rápida', 'ModClienteRapido', 4, 1, 1, 1, NULL, 1, NULL, '{1,2,3,4,5,6}');
INSERT INTO crm.menusub
(cod_menusub, cod_menutop, descricao, modulovar, nivel, habilitar, mobile, codgrupo_menu, id_frm, exibir_menu, configuracao, id_perfis_acesso)
VALUES(25, 3, 'Lançar Acionamentos', 'ModTelemarketing', 4, 0, 0, NULL, NULL, 1, NULL, '{1,2,3}');
INSERT INTO crm.menusub
(cod_menusub, cod_menutop, descricao, modulovar, nivel, habilitar, mobile, codgrupo_menu, id_frm, exibir_menu, configuracao, id_perfis_acesso)
VALUES(24, 10, 'Lançar Pedidos', 'ModPedidos', 4, 1, 0, NULL, NULL, 1, NULL, '{1,2,3}');
INSERT INTO crm.menusub
(cod_menusub, cod_menutop, descricao, modulovar, nivel, habilitar, mobile, codgrupo_menu, id_frm, exibir_menu, configuracao, id_perfis_acesso)
VALUES(23, 10, 'Status de Pedido', 'ModStatusPedido', 4, 1, 0, 12, NULL, 1, NULL, '{2,3}');
INSERT INTO crm.menusub
(cod_menusub, cod_menutop, descricao, modulovar, nivel, habilitar, mobile, codgrupo_menu, id_frm, exibir_menu, configuracao, id_perfis_acesso)
VALUES(22, 2, 'Forma de Pagamento', 'ModFormaPagamento', 4, 0, 0, 20, NULL, 1, NULL, NULL);
INSERT INTO crm.menusub
(cod_menusub, cod_menutop, descricao, modulovar, nivel, habilitar, mobile, codgrupo_menu, id_frm, exibir_menu, configuracao, id_perfis_acesso)
VALUES(21, 10, 'Produto', 'ModProduto', 4, 1, 0, 38, NULL, 1, NULL, '{2,3}');
INSERT INTO crm.menusub
(cod_menusub, cod_menutop, descricao, modulovar, nivel, habilitar, mobile, codgrupo_menu, id_frm, exibir_menu, configuracao, id_perfis_acesso)
VALUES(20, 1, 'Fornecedor', 'ModFornecedor', 4, 0, 0, 3, NULL, 1, NULL, NULL);
INSERT INTO crm.menusub
(cod_menusub, cod_menutop, descricao, modulovar, nivel, habilitar, mobile, codgrupo_menu, id_frm, exibir_menu, configuracao, id_perfis_acesso)
VALUES(19, 10, 'Classificação de Produto', 'ModClassificacaoProduto', 4, 1, 0, 38, 91, 1, NULL, NULL);
INSERT INTO crm.menusub
(cod_menusub, cod_menutop, descricao, modulovar, nivel, habilitar, mobile, codgrupo_menu, id_frm, exibir_menu, configuracao, id_perfis_acesso)
VALUES(18, 10, 'Grupo de Produto', 'ModGrupo', 4, 1, 0, 38, NULL, 1, NULL, NULL);
INSERT INTO crm.menusub
(cod_menusub, cod_menutop, descricao, modulovar, nivel, habilitar, mobile, codgrupo_menu, id_frm, exibir_menu, configuracao, id_perfis_acesso)
VALUES(17, 10, 'Marca', 'ModMarca', 4, 1, 0, 38, 92, 1, NULL, NULL);
INSERT INTO crm.menusub
(cod_menusub, cod_menutop, descricao, modulovar, nivel, habilitar, mobile, codgrupo_menu, id_frm, exibir_menu, configuracao, id_perfis_acesso)
VALUES(16, 10, 'Transportadora', 'ModTransportadora', 4, 0, 0, 41, NULL, 1, NULL, NULL);
INSERT INTO crm.menusub
(cod_menusub, cod_menutop, descricao, modulovar, nivel, habilitar, mobile, codgrupo_menu, id_frm, exibir_menu, configuracao, id_perfis_acesso)
VALUES(15, 12, 'Sínteses de Conversas', 'ModSinteseConversas', 4, 1, 0, 1, NULL, 1, NULL, '{2,3}');
INSERT INTO crm.menusub
(cod_menusub, cod_menutop, descricao, modulovar, nivel, habilitar, mobile, codgrupo_menu, id_frm, exibir_menu, configuracao, id_perfis_acesso)
VALUES(13, 12, 'Veículo de Comunicação', 'ModVeiculoComunicacao', 4, 1, 0, 1, 58, 1, NULL, NULL);
INSERT INTO crm.menusub
(cod_menusub, cod_menutop, descricao, modulovar, nivel, habilitar, mobile, codgrupo_menu, id_frm, exibir_menu, configuracao, id_perfis_acesso)
VALUES(12, 12, 'Restrição', 'ModRestricao', 4, 1, 0, 1, NULL, 1, NULL, NULL);
INSERT INTO crm.menusub
(cod_menusub, cod_menutop, descricao, modulovar, nivel, habilitar, mobile, codgrupo_menu, id_frm, exibir_menu, configuracao, id_perfis_acesso)
VALUES(11, 12, 'Região', 'ModRegiao', 4, 1, 0, 1, 90, 1, NULL, NULL);
INSERT INTO crm.menusub
(cod_menusub, cod_menutop, descricao, modulovar, nivel, habilitar, mobile, codgrupo_menu, id_frm, exibir_menu, configuracao, id_perfis_acesso)
VALUES(10, 12, 'Tipo de cliente', 'ModTipoCliente', 4, 1, 0, 1, 59, 1, NULL, NULL);
INSERT INTO crm.menusub
(cod_menusub, cod_menutop, descricao, modulovar, nivel, habilitar, mobile, codgrupo_menu, id_frm, exibir_menu, configuracao, id_perfis_acesso)
VALUES(9, 12, 'Grupo de Cliente', 'ModGrupoCliente', 4, 1, 0, 1, 61, 1, NULL, NULL);
INSERT INTO crm.menusub
(cod_menusub, cod_menutop, descricao, modulovar, nivel, habilitar, mobile, codgrupo_menu, id_frm, exibir_menu, configuracao, id_perfis_acesso)
VALUES(7, 1, 'Usuários', 'ModUsuarios', 4, 1, 0, 37, NULL, 1, NULL, '{2,3}');
INSERT INTO crm.menusub
(cod_menusub, cod_menutop, descricao, modulovar, nivel, habilitar, mobile, codgrupo_menu, id_frm, exibir_menu, configuracao, id_perfis_acesso)
VALUES(6, 1, 'Permissão por Usuários', 'ModPermissoesUsuarios', 5, 0, 0, 37, NULL, 1, NULL, '{}');
INSERT INTO crm.menusub
(cod_menusub, cod_menutop, descricao, modulovar, nivel, habilitar, mobile, codgrupo_menu, id_frm, exibir_menu, configuracao, id_perfis_acesso)
VALUES(5, 1, 'Menu Sub', 'ModMenuSub', 5, 1, 0, 38, 65, 1, NULL, '{}');
INSERT INTO crm.menusub
(cod_menusub, cod_menutop, descricao, modulovar, nivel, habilitar, mobile, codgrupo_menu, id_frm, exibir_menu, configuracao, id_perfis_acesso)
VALUES(4, 1, 'Menu Top', 'ModMenuTop', 5, 1, 0, 38, NULL, 1, NULL, '{}');
INSERT INTO crm.menusub
(cod_menusub, cod_menutop, descricao, modulovar, nivel, habilitar, mobile, codgrupo_menu, id_frm, exibir_menu, configuracao, id_perfis_acesso)
VALUES(3, 1, 'Lojas', 'ModLojas', 4, 1, 0, NULL, NULL, 1, NULL, '{3}');
INSERT INTO crm.menusub
(cod_menusub, cod_menutop, descricao, modulovar, nivel, habilitar, mobile, codgrupo_menu, id_frm, exibir_menu, configuracao, id_perfis_acesso)
VALUES(2, 12, 'Classificação de Cliente', 'ModClassificacaoCliente', 4, 1, 0, 1, 60, 1, NULL, NULL);
INSERT INTO crm.menusub
(cod_menusub, cod_menutop, descricao, modulovar, nivel, habilitar, mobile, codgrupo_menu, id_frm, exibir_menu, configuracao, id_perfis_acesso)
VALUES(1, 1, 'Atendentes', 'ModAtendentes', 5, 0, 0, 3, NULL, 1, NULL, NULL);




INSERT INTO crm.personalizacao
(cod_personalizacao, cod_modulo, tipo, idelemento, rotulo, campo, taggrid, exibir, nivel)
VALUES(121, 27, '2', 'btn_pedidosnovo', 'btn_pedidosnovo', NULL, NULL, 0, NULL);
INSERT INTO crm.personalizacao
(cod_personalizacao, cod_modulo, tipo, idelemento, rotulo, campo, taggrid, exibir, nivel)
VALUES(120, 15, '2', 'lbl_sladias', 'lbl_sladias', NULL, NULL, 0, NULL);
INSERT INTO crm.personalizacao
(cod_personalizacao, cod_modulo, tipo, idelemento, rotulo, campo, taggrid, exibir, nivel)
VALUES(119, 27, '3', 'cod_forma_pagamento', 'cod_forma_pagamento', NULL, NULL, 0, NULL);
INSERT INTO crm.personalizacao
(cod_personalizacao, cod_modulo, tipo, idelemento, rotulo, campo, taggrid, exibir, nivel)
VALUES(117, 444, '2', 'lbl_id_opcoes', 'lbl_id_opcoes', NULL, NULL, 0, NULL);
INSERT INTO crm.personalizacao
(cod_personalizacao, cod_modulo, tipo, idelemento, rotulo, campo, taggrid, exibir, nivel)
VALUES(116, 71, '2', 'lbl_estoquem', 'lbl_estoquem', NULL, NULL, 0, NULL);
INSERT INTO crm.personalizacao
(cod_personalizacao, cod_modulo, tipo, idelemento, rotulo, campo, taggrid, exibir, nivel)
VALUES(115, 71, '2', 'lbl_dt_abertura_os', 'lbl_dt_abertura_os', NULL, NULL, 0, NULL);
INSERT INTO crm.personalizacao
(cod_personalizacao, cod_modulo, tipo, idelemento, rotulo, campo, taggrid, exibir, nivel)
VALUES(114, 71, '2', 'lbl_unidadem', 'lbl_unidadem', NULL, NULL, 0, NULL);
INSERT INTO crm.personalizacao
(cod_personalizacao, cod_modulo, tipo, idelemento, rotulo, campo, taggrid, exibir, nivel)
VALUES(113, 71, '2', 'lbl_desconto', 'lbl_desconto', NULL, NULL, 0, NULL);
INSERT INTO crm.personalizacao
(cod_personalizacao, cod_modulo, tipo, idelemento, rotulo, campo, taggrid, exibir, nivel)
VALUES(112, 71, '2', 'lbl_protocolo', 'lbl_protocolo', NULL, NULL, 0, NULL);
INSERT INTO crm.personalizacao
(cod_personalizacao, cod_modulo, tipo, idelemento, rotulo, campo, taggrid, exibir, nivel)
VALUES(111, 133, '2', 'lbl_id_beneficiario', 'lbl_id_beneficiario', NULL, NULL, 0, NULL);
INSERT INTO crm.personalizacao
(cod_personalizacao, cod_modulo, tipo, idelemento, rotulo, campo, taggrid, exibir, nivel)
VALUES(110, 139, '2', 'lbl_id_plano_cobranca', 'lbl_id_plano_cobranca', NULL, NULL, 0, NULL);
INSERT INTO crm.personalizacao
(cod_personalizacao, cod_modulo, tipo, idelemento, rotulo, campo, taggrid, exibir, nivel)
VALUES(109, 416, '2', 'div_btn_deletar', 'div_btn_deletar', NULL, NULL, 0, NULL);
INSERT INTO crm.personalizacao
(cod_personalizacao, cod_modulo, tipo, idelemento, rotulo, campo, taggrid, exibir, nivel)
VALUES(108, 410, '2', 'lbl_sac', 'lbl_sac', NULL, NULL, 0, NULL);
INSERT INTO crm.personalizacao
(cod_personalizacao, cod_modulo, tipo, idelemento, rotulo, campo, taggrid, exibir, nivel)
VALUES(107, 408, '2', 'lbl_sac', 'lbl_sac', NULL, NULL, 0, NULL);
INSERT INTO crm.personalizacao
(cod_personalizacao, cod_modulo, tipo, idelemento, rotulo, campo, taggrid, exibir, nivel)
VALUES(106, 409, '2', 'lbl_sac', 'lbl_sac', NULL, NULL, 0, NULL);
INSERT INTO crm.personalizacao
(cod_personalizacao, cod_modulo, tipo, idelemento, rotulo, campo, taggrid, exibir, nivel)
VALUES(105, 410, '2', 'lbl_site', 'lbl_site', NULL, NULL, 0, NULL);
INSERT INTO crm.personalizacao
(cod_personalizacao, cod_modulo, tipo, idelemento, rotulo, campo, taggrid, exibir, nivel)
VALUES(104, 408, '2', 'lbl_site', 'lbl_site', NULL, NULL, 0, NULL);
INSERT INTO crm.personalizacao
(cod_personalizacao, cod_modulo, tipo, idelemento, rotulo, campo, taggrid, exibir, nivel)
VALUES(103, 409, '2', 'lbl_site', 'lbl_site', NULL, NULL, 0, NULL);
INSERT INTO crm.personalizacao
(cod_personalizacao, cod_modulo, tipo, idelemento, rotulo, campo, taggrid, exibir, nivel)
VALUES(102, 410, '2', 'lbl_id_fila_chat', 'lbl_id_fila_chat', NULL, NULL, 0, NULL);
INSERT INTO crm.personalizacao
(cod_personalizacao, cod_modulo, tipo, idelemento, rotulo, campo, taggrid, exibir, nivel)
VALUES(101, 408, '2', 'lbl_id_fila_chat', 'lbl_id_fila_chat', NULL, NULL, 0, NULL);
INSERT INTO crm.personalizacao
(cod_personalizacao, cod_modulo, tipo, idelemento, rotulo, campo, taggrid, exibir, nivel)
VALUES(100, 409, '2', 'lbl_id_fila_chat', 'lbl_id_fila_chat', NULL, NULL, 0, NULL);
INSERT INTO crm.personalizacao
(cod_personalizacao, cod_modulo, tipo, idelemento, rotulo, campo, taggrid, exibir, nivel)
VALUES(99, 416, '2', 'div_btn_FAQ_TICKET', 'div_btn_FAQ_TICKET', NULL, NULL, 0, NULL);
INSERT INTO crm.personalizacao
(cod_personalizacao, cod_modulo, tipo, idelemento, rotulo, campo, taggrid, exibir, nivel)
VALUES(95, 21, '3', 'qtde_minima', 'qtde_minima', NULL, NULL, 0, NULL);
INSERT INTO crm.personalizacao
(cod_personalizacao, cod_modulo, tipo, idelemento, rotulo, campo, taggrid, exibir, nivel)
VALUES(94, 21, '2', 'lbl_qtde_minima', 'lbl_qtde_minima', NULL, NULL, 0, NULL);
INSERT INTO crm.personalizacao
(cod_personalizacao, cod_modulo, tipo, idelemento, rotulo, campo, taggrid, exibir, nivel)
VALUES(93, 21, '3', 'qtde_exata', 'qtde_exata', NULL, NULL, 0, NULL);
INSERT INTO crm.personalizacao
(cod_personalizacao, cod_modulo, tipo, idelemento, rotulo, campo, taggrid, exibir, nivel)
VALUES(92, 21, '2', 'lbl_qtde_exata', 'lbl_qtde_exata', NULL, NULL, 0, NULL);
INSERT INTO crm.personalizacao
(cod_personalizacao, cod_modulo, tipo, idelemento, rotulo, campo, taggrid, exibir, nivel)
VALUES(91, 21, '3', 'qtde_maxima', 'qtde_maxima', NULL, NULL, 0, NULL);
INSERT INTO crm.personalizacao
(cod_personalizacao, cod_modulo, tipo, idelemento, rotulo, campo, taggrid, exibir, nivel)
VALUES(90, 21, '2', 'lbl_qtde_maxima', 'lbl_qtde_maxima', NULL, NULL, 0, NULL);
INSERT INTO crm.personalizacao
(cod_personalizacao, cod_modulo, tipo, idelemento, rotulo, campo, taggrid, exibir, nivel)
VALUES(89, 21, '3', 'boxfidelizacao', 'boxfidelizacao', NULL, NULL, 0, NULL);
INSERT INTO crm.personalizacao
(cod_personalizacao, cod_modulo, tipo, idelemento, rotulo, campo, taggrid, exibir, nivel)
VALUES(88, 21, '2', 'lbl_fidelizacao', 'lbl_fidelizacao', NULL, NULL, 0, NULL);
INSERT INTO crm.personalizacao
(cod_personalizacao, cod_modulo, tipo, idelemento, rotulo, campo, taggrid, exibir, nivel)
VALUES(87, 21, '3', 'recorrencia_mensal', 'recorrencia_mensal', NULL, NULL, 0, NULL);
INSERT INTO crm.personalizacao
(cod_personalizacao, cod_modulo, tipo, idelemento, rotulo, campo, taggrid, exibir, nivel)
VALUES(86, 21, '2', 'lbl_recorrencia', 'lbl_recorrencia', NULL, NULL, 0, NULL);
INSERT INTO crm.personalizacao
(cod_personalizacao, cod_modulo, tipo, idelemento, rotulo, campo, taggrid, exibir, nivel)
VALUES(85, 21, '2', 'lbl_coeficiente', 'lbl_coeficiente', NULL, NULL, 0, NULL);
INSERT INTO crm.personalizacao
(cod_personalizacao, cod_modulo, tipo, idelemento, rotulo, campo, taggrid, exibir, nivel)
VALUES(84, 21, '3', 'coeficiente', 'coeficiente', NULL, NULL, 0, NULL);
INSERT INTO crm.personalizacao
(cod_personalizacao, cod_modulo, tipo, idelemento, rotulo, campo, taggrid, exibir, nivel)
VALUES(83, 21, '3', 'max_desconto', 'max_desconto', NULL, NULL, 0, NULL);
INSERT INTO crm.personalizacao
(cod_personalizacao, cod_modulo, tipo, idelemento, rotulo, campo, taggrid, exibir, nivel)
VALUES(82, 21, '3', 'prazo_entrega', 'prazo_entrega', NULL, NULL, 0, NULL);
INSERT INTO crm.personalizacao
(cod_personalizacao, cod_modulo, tipo, idelemento, rotulo, campo, taggrid, exibir, nivel)
VALUES(81, 21, '3', 'unidade', 'unidade', NULL, NULL, 0, NULL);
INSERT INTO crm.personalizacao
(cod_personalizacao, cod_modulo, tipo, idelemento, rotulo, campo, taggrid, exibir, nivel)
VALUES(80, 21, '3', 'cod_fornecedor', 'cod_fornecedor', NULL, NULL, 0, NULL);
INSERT INTO crm.personalizacao
(cod_personalizacao, cod_modulo, tipo, idelemento, rotulo, campo, taggrid, exibir, nivel)
VALUES(79, 27, '2', 'div_deletar', 'div_deletar', NULL, NULL, 0, NULL);
INSERT INTO crm.personalizacao
(cod_personalizacao, cod_modulo, tipo, idelemento, rotulo, campo, taggrid, exibir, nivel)
VALUES(78, 27, '2', 'btn_deletar', 'btn_deletar', NULL, NULL, 0, NULL);
INSERT INTO crm.personalizacao
(cod_personalizacao, cod_modulo, tipo, idelemento, rotulo, campo, taggrid, exibir, nivel)
VALUES(77, 27, '2', 'btn_pedidos', 'btn_pedidos', NULL, NULL, 1, NULL);
INSERT INTO crm.personalizacao
(cod_personalizacao, cod_modulo, tipo, idelemento, rotulo, campo, taggrid, exibir, nivel)
VALUES(76, 27, '2', 'div_pedidos', 'div_pedidos', NULL, NULL, 1, NULL);
INSERT INTO crm.personalizacao
(cod_personalizacao, cod_modulo, tipo, idelemento, rotulo, campo, taggrid, exibir, nivel)
VALUES(75, 27, '2', 'btn_rel_cli_interacoes', 'btn_rel_cli_interacoes', NULL, NULL, 0, NULL);
INSERT INTO crm.personalizacao
(cod_personalizacao, cod_modulo, tipo, idelemento, rotulo, campo, taggrid, exibir, nivel)
VALUES(74, 27, '2', 'div_rel_cli_interacoes', 'div_rel_cli_interacoes', NULL, NULL, 0, NULL);
INSERT INTO crm.personalizacao
(cod_personalizacao, cod_modulo, tipo, idelemento, rotulo, campo, taggrid, exibir, nivel)
VALUES(73, 27, '2', 'lbl_cod_forma_pagamentov', 'lbl_cod_forma_pagamento', NULL, NULL, 0, NULL);
INSERT INTO crm.personalizacao
(cod_personalizacao, cod_modulo, tipo, idelemento, rotulo, campo, taggrid, exibir, nivel)
VALUES(72, 27, '2', 'lbl_cod_transportadora', 'lbl_cod_transportadora', NULL, NULL, 0, NULL);
INSERT INTO crm.personalizacao
(cod_personalizacao, cod_modulo, tipo, idelemento, rotulo, campo, taggrid, exibir, nivel)
VALUES(71, 27, '3', 'p4_principal', 'p4_principal', NULL, NULL, 0, NULL);
INSERT INTO crm.personalizacao
(cod_personalizacao, cod_modulo, tipo, idelemento, rotulo, campo, taggrid, exibir, nivel)
VALUES(69, 167, '2', 'lbl_sladias', 'lbl_sladias', NULL, NULL, 0, NULL);
INSERT INTO crm.personalizacao
(cod_personalizacao, cod_modulo, tipo, idelemento, rotulo, campo, taggrid, exibir, nivel)
VALUES(68, 167, '2', 'lbl_upd_status_txt', 'lbl_upd_status_txt', NULL, NULL, 0, NULL);
INSERT INTO crm.personalizacao
(cod_personalizacao, cod_modulo, tipo, idelemento, rotulo, campo, taggrid, exibir, nivel)
VALUES(67, 167, '2', 'lbl_upd_status_tipo', 'lbl_upd_status_tipo', NULL, NULL, 0, NULL);
INSERT INTO crm.personalizacao
(cod_personalizacao, cod_modulo, tipo, idelemento, rotulo, campo, taggrid, exibir, nivel)
VALUES(66, 27, '3', 'status_3601', 'status_3601', NULL, NULL, 0, NULL);
INSERT INTO crm.personalizacao
(cod_personalizacao, cod_modulo, tipo, idelemento, rotulo, campo, taggrid, exibir, nivel)
VALUES(65, 27, '2', 'div_ws_status360', 'div_ws_status360', NULL, NULL, 0, NULL);
INSERT INTO crm.personalizacao
(cod_personalizacao, cod_modulo, tipo, idelemento, rotulo, campo, taggrid, exibir, nivel)
VALUES(64, 27, '2', 'lbl_inscricao_municipal', 'lbl_inscricao_municipal', NULL, NULL, 0, NULL);
INSERT INTO crm.personalizacao
(cod_personalizacao, cod_modulo, tipo, idelemento, rotulo, campo, taggrid, exibir, nivel)
VALUES(63, 27, '2', 'lbl_qtde_dias_emissao_nfse', 'lbl_qtde_dias_emissao_nfse', NULL, NULL, 0, NULL);
INSERT INTO crm.personalizacao
(cod_personalizacao, cod_modulo, tipo, idelemento, rotulo, campo, taggrid, exibir, nivel)
VALUES(62, 27, '2', 'lbl_n_reter_iss_nfse', 'lbl_n_reter_iss_nfse', NULL, NULL, 0, NULL);
INSERT INTO crm.personalizacao
(cod_personalizacao, cod_modulo, tipo, idelemento, rotulo, campo, taggrid, exibir, nivel)
VALUES(61, 27, '2', 'lbl_emissao_nfse', 'lbl_emissao_nfse', NULL, NULL, 0, NULL);
INSERT INTO crm.personalizacao
(cod_personalizacao, cod_modulo, tipo, idelemento, rotulo, campo, taggrid, exibir, nivel)
VALUES(60, 27, '2', 'lbl_iss_retido', 'lbl_iss_retido', NULL, NULL, 0, NULL);
INSERT INTO crm.personalizacao
(cod_personalizacao, cod_modulo, tipo, idelemento, rotulo, campo, taggrid, exibir, nivel)
VALUES(59, 27, '2', 'boxsimples_nacional', 'boxsimples_nacional', NULL, NULL, 0, NULL);
INSERT INTO crm.personalizacao
(cod_personalizacao, cod_modulo, tipo, idelemento, rotulo, campo, taggrid, exibir, nivel)
VALUES(58, 27, '2', 'lbl_simples_nacional', 'lbl_simples_nacional', NULL, NULL, 0, NULL);
INSERT INTO crm.personalizacao
(cod_personalizacao, cod_modulo, tipo, idelemento, rotulo, campo, taggrid, exibir, nivel)
VALUES(57, 27, '2', 'lbl_vr_credito', 'lbl_vr_credito', NULL, NULL, 0, NULL);
INSERT INTO crm.personalizacao
(cod_personalizacao, cod_modulo, tipo, idelemento, rotulo, campo, taggrid, exibir, nivel)
VALUES(56, 27, '2', 'lbl_pais', 'lbl_pais', NULL, NULL, 0, NULL);
INSERT INTO crm.personalizacao
(cod_personalizacao, cod_modulo, tipo, idelemento, rotulo, campo, taggrid, exibir, nivel)
VALUES(55, 27, '2', 'lbl_status_eauditor1', 'lbl_status_eauditor1', NULL, NULL, 0, NULL);
INSERT INTO crm.personalizacao
(cod_personalizacao, cod_modulo, tipo, idelemento, rotulo, campo, taggrid, exibir, nivel)
VALUES(54, 27, '2', 'lbl_status_eauditor', 'lbl_status_eauditor', NULL, NULL, 0, NULL);
INSERT INTO crm.personalizacao
(cod_personalizacao, cod_modulo, tipo, idelemento, rotulo, campo, taggrid, exibir, nivel)
VALUES(53, 27, '2', 'lbl_status_360', 'lbl_status_360', NULL, NULL, 0, NULL);
INSERT INTO crm.personalizacao
(cod_personalizacao, cod_modulo, tipo, idelemento, rotulo, campo, taggrid, exibir, nivel)
VALUES(52, 27, '2', 'btn_ticket', 'btn_ticket', NULL, NULL, 0, NULL);
INSERT INTO crm.personalizacao
(cod_personalizacao, cod_modulo, tipo, idelemento, rotulo, campo, taggrid, exibir, nivel)
VALUES(51, 27, '2', 'div_terminal', 'div_terminal', NULL, NULL, 0, NULL);
INSERT INTO crm.personalizacao
(cod_personalizacao, cod_modulo, tipo, idelemento, rotulo, campo, taggrid, exibir, nivel)
VALUES(50, 27, '2', 'div_viabilidade', 'div_viabilidade', NULL, NULL, 0, NULL);
INSERT INTO crm.personalizacao
(cod_personalizacao, cod_modulo, tipo, idelemento, rotulo, campo, taggrid, exibir, nivel)
VALUES(49, 27, '2', 'div_enriquecer', 'div_enriquecer', NULL, NULL, 0, NULL);
INSERT INTO crm.personalizacao
(cod_personalizacao, cod_modulo, tipo, idelemento, rotulo, campo, taggrid, exibir, nivel)
VALUES(48, 27, '2', 'div_localizacao', 'div_localizacao', NULL, NULL, 0, NULL);
INSERT INTO crm.personalizacao
(cod_personalizacao, cod_modulo, tipo, idelemento, rotulo, campo, taggrid, exibir, nivel)
VALUES(47, 27, '2', 'div_mix', 'div_mix', NULL, NULL, 0, NULL);
INSERT INTO crm.personalizacao
(cod_personalizacao, cod_modulo, tipo, idelemento, rotulo, campo, taggrid, exibir, nivel)
VALUES(46, 27, '2', 'div_historico', 'div_historico', NULL, NULL, 0, NULL);
INSERT INTO crm.personalizacao
(cod_personalizacao, cod_modulo, tipo, idelemento, rotulo, campo, taggrid, exibir, nivel)
VALUES(45, 27, '2', 'div_cartao', 'div_cartao', NULL, NULL, 0, NULL);
INSERT INTO crm.personalizacao
(cod_personalizacao, cod_modulo, tipo, idelemento, rotulo, campo, taggrid, exibir, nivel)
VALUES(44, 27, '2', 'div_cartao', 'div_cartao', NULL, NULL, 0, NULL);
INSERT INTO crm.personalizacao
(cod_personalizacao, cod_modulo, tipo, idelemento, rotulo, campo, taggrid, exibir, nivel)
VALUES(43, 27, '2', 'div_dadosbancarios', 'div_dadosbancarios', NULL, NULL, 0, NULL);
INSERT INTO crm.personalizacao
(cod_personalizacao, cod_modulo, tipo, idelemento, rotulo, campo, taggrid, exibir, nivel)
VALUES(42, 27, '2', 'div_ws_gmg_sincronizarcliente', 'div_ws_gmg_sincronizarcliente', NULL, NULL, 0, NULL);
INSERT INTO crm.personalizacao
(cod_personalizacao, cod_modulo, tipo, idelemento, rotulo, campo, taggrid, exibir, nivel)
VALUES(41, 27, '2', 'div_consignado', 'div_consignado', NULL, NULL, 0, NULL);
INSERT INTO crm.personalizacao
(cod_personalizacao, cod_modulo, tipo, idelemento, rotulo, campo, taggrid, exibir, nivel)
VALUES(40, 27, '2', 'div_creddefence', 'div_creddefence', NULL, NULL, 0, NULL);
INSERT INTO crm.personalizacao
(cod_personalizacao, cod_modulo, tipo, idelemento, rotulo, campo, taggrid, exibir, nivel)
VALUES(39, 27, '2', 'div_golcred', 'div_golcred', NULL, NULL, 0, NULL);
INSERT INTO crm.personalizacao
(cod_personalizacao, cod_modulo, tipo, idelemento, rotulo, campo, taggrid, exibir, nivel)
VALUES(38, 27, '2', 'div_cartao_imperatriz', 'div_cartao_imperatriz', NULL, NULL, 0, NULL);
INSERT INTO crm.personalizacao
(cod_personalizacao, cod_modulo, tipo, idelemento, rotulo, campo, taggrid, exibir, nivel)
VALUES(37, 27, '2', 'div_ws_verificalogin', 'div_ws_verificalogin', NULL, NULL, 0, NULL);
INSERT INTO crm.personalizacao
(cod_personalizacao, cod_modulo, tipo, idelemento, rotulo, campo, taggrid, exibir, nivel)
VALUES(36, 27, '2', 'div_ws_idintegracao', 'div_ws_idintegracao', NULL, NULL, 0, NULL);
INSERT INTO crm.personalizacao
(cod_personalizacao, cod_modulo, tipo, idelemento, rotulo, campo, taggrid, exibir, nivel)
VALUES(35, 15, '2', 'lbl_fila_usuario', 'lbl_fila_usuario', NULL, NULL, 0, NULL);
INSERT INTO crm.personalizacao
(cod_personalizacao, cod_modulo, tipo, idelemento, rotulo, campo, taggrid, exibir, nivel)
VALUES(34, 28, '2', 'lbl_cod_grupo_cliente', 'ocultar', NULL, NULL, 0, NULL);
INSERT INTO crm.personalizacao
(cod_personalizacao, cod_modulo, tipo, idelemento, rotulo, campo, taggrid, exibir, nivel)
VALUES(33, 28, '2', 'btn_id_ticket_subassunto', 'ocultar', NULL, NULL, 0, NULL);
INSERT INTO crm.personalizacao
(cod_personalizacao, cod_modulo, tipo, idelemento, rotulo, campo, taggrid, exibir, nivel)
VALUES(32, 15, '2', 'lbl_id_legenda', 'ocultar', NULL, NULL, 0, NULL);
INSERT INTO crm.personalizacao
(cod_personalizacao, cod_modulo, tipo, idelemento, rotulo, campo, taggrid, exibir, nivel)
VALUES(31, 15, '2', 'lbl_enviar_remessa', 'ocultar', NULL, NULL, 0, NULL);
INSERT INTO crm.personalizacao
(cod_personalizacao, cod_modulo, tipo, idelemento, rotulo, campo, taggrid, exibir, nivel)
VALUES(30, 15, '2', 'lbl_tratativa', 'ocultar', NULL, NULL, 0, NULL);
INSERT INTO crm.personalizacao
(cod_personalizacao, cod_modulo, tipo, idelemento, rotulo, campo, taggrid, exibir, nivel)
VALUES(29, 15, '2', 'lbl_minutos_tratamento', 'ocultar', NULL, NULL, 0, NULL);
INSERT INTO crm.personalizacao
(cod_personalizacao, cod_modulo, tipo, idelemento, rotulo, campo, taggrid, exibir, nivel)
VALUES(28, 15, '2', 'lbl_finalizartmkautorizacao', 'ocultar', NULL, NULL, 0, NULL);
INSERT INTO crm.personalizacao
(cod_personalizacao, cod_modulo, tipo, idelemento, rotulo, campo, taggrid, exibir, nivel)
VALUES(26, 27, '2', 'btn_dependentes', 'Dependentes', NULL, NULL, 0, NULL);
INSERT INTO crm.personalizacao
(cod_personalizacao, cod_modulo, tipo, idelemento, rotulo, campo, taggrid, exibir, nivel)
VALUES(25, 27, '2', 'btn_enderecos', 'Endereços auxiliares', NULL, NULL, 0, NULL);
INSERT INTO crm.personalizacao
(cod_personalizacao, cod_modulo, tipo, idelemento, rotulo, campo, taggrid, exibir, nivel)
VALUES(24, 39, '3', 'p22', 'P22', NULL, NULL, 0, NULL);
INSERT INTO crm.personalizacao
(cod_personalizacao, cod_modulo, tipo, idelemento, rotulo, campo, taggrid, exibir, nivel)
VALUES(23, 39, '3', 'p21', 'P21', NULL, NULL, 0, NULL);
INSERT INTO crm.personalizacao
(cod_personalizacao, cod_modulo, tipo, idelemento, rotulo, campo, taggrid, exibir, nivel)
VALUES(22, 39, '3', 'p20', 'P20', NULL, NULL, 0, NULL);
INSERT INTO crm.personalizacao
(cod_personalizacao, cod_modulo, tipo, idelemento, rotulo, campo, taggrid, exibir, nivel)
VALUES(21, 39, '3', 'p19', 'P19', NULL, NULL, 0, NULL);
INSERT INTO crm.personalizacao
(cod_personalizacao, cod_modulo, tipo, idelemento, rotulo, campo, taggrid, exibir, nivel)
VALUES(20, 39, '3', 'p18', 'P18', NULL, NULL, 0, NULL);
INSERT INTO crm.personalizacao
(cod_personalizacao, cod_modulo, tipo, idelemento, rotulo, campo, taggrid, exibir, nivel)
VALUES(19, 39, '3', 'p17', 'P17', NULL, NULL, 0, NULL);
INSERT INTO crm.personalizacao
(cod_personalizacao, cod_modulo, tipo, idelemento, rotulo, campo, taggrid, exibir, nivel)
VALUES(18, 39, '3', 'p16', 'P16', NULL, NULL, 0, NULL);
INSERT INTO crm.personalizacao
(cod_personalizacao, cod_modulo, tipo, idelemento, rotulo, campo, taggrid, exibir, nivel)
VALUES(17, 39, '3', 'p15', 'P15', NULL, NULL, 0, NULL);
INSERT INTO crm.personalizacao
(cod_personalizacao, cod_modulo, tipo, idelemento, rotulo, campo, taggrid, exibir, nivel)
VALUES(16, 39, '3', 'p14', 'P14', NULL, NULL, 0, NULL);
INSERT INTO crm.personalizacao
(cod_personalizacao, cod_modulo, tipo, idelemento, rotulo, campo, taggrid, exibir, nivel)
VALUES(15, 39, '3', 'p13', 'P13', NULL, NULL, 0, NULL);
INSERT INTO crm.personalizacao
(cod_personalizacao, cod_modulo, tipo, idelemento, rotulo, campo, taggrid, exibir, nivel)
VALUES(14, 39, '3', 'p12', 'P12', NULL, NULL, 0, NULL);
INSERT INTO crm.personalizacao
(cod_personalizacao, cod_modulo, tipo, idelemento, rotulo, campo, taggrid, exibir, nivel)
VALUES(13, 39, '3', 'p11', 'P11', NULL, NULL, 0, NULL);
INSERT INTO crm.personalizacao
(cod_personalizacao, cod_modulo, tipo, idelemento, rotulo, campo, taggrid, exibir, nivel)
VALUES(12, 39, '3', 'p10', 'P10', NULL, NULL, 0, NULL);
INSERT INTO crm.personalizacao
(cod_personalizacao, cod_modulo, tipo, idelemento, rotulo, campo, taggrid, exibir, nivel)
VALUES(11, 39, '3', 'p9', 'P9', NULL, NULL, 0, NULL);
INSERT INTO crm.personalizacao
(cod_personalizacao, cod_modulo, tipo, idelemento, rotulo, campo, taggrid, exibir, nivel)
VALUES(10, 39, '3', 'p8', 'P8', NULL, NULL, 0, NULL);
INSERT INTO crm.personalizacao
(cod_personalizacao, cod_modulo, tipo, idelemento, rotulo, campo, taggrid, exibir, nivel)
VALUES(9, 39, '3', 'p7', 'P7', NULL, NULL, 0, NULL);
INSERT INTO crm.personalizacao
(cod_personalizacao, cod_modulo, tipo, idelemento, rotulo, campo, taggrid, exibir, nivel)
VALUES(8, 39, '3', 'p6', 'P6', NULL, NULL, 0, NULL);
INSERT INTO crm.personalizacao
(cod_personalizacao, cod_modulo, tipo, idelemento, rotulo, campo, taggrid, exibir, nivel)
VALUES(7, 39, '3', 'p5', 'P5', NULL, NULL, 0, NULL);
INSERT INTO crm.personalizacao
(cod_personalizacao, cod_modulo, tipo, idelemento, rotulo, campo, taggrid, exibir, nivel)
VALUES(6, 39, '3', 'p4', 'P4', NULL, NULL, 0, NULL);
INSERT INTO crm.personalizacao
(cod_personalizacao, cod_modulo, tipo, idelemento, rotulo, campo, taggrid, exibir, nivel)
VALUES(5, 39, '3', 'p3', 'P3', NULL, NULL, 0, NULL);
INSERT INTO crm.personalizacao
(cod_personalizacao, cod_modulo, tipo, idelemento, rotulo, campo, taggrid, exibir, nivel)
VALUES(4, 39, '3', 'p2', 'P2', NULL, NULL, 0, NULL);
INSERT INTO crm.personalizacao
(cod_personalizacao, cod_modulo, tipo, idelemento, rotulo, campo, taggrid, exibir, nivel)
VALUES(3, 39, '3', 'p1', 'P1', NULL, NULL, 0, NULL);
INSERT INTO crm.personalizacao
(cod_personalizacao, cod_modulo, tipo, idelemento, rotulo, campo, taggrid, exibir, nivel)
VALUES(1, 39, '1', 'p3', 'P3', 'registros_listar', '', 0, NULL);


INSERT INTO crm.permissoes_grupos(cod_menusub, cod_grupo, inserir, alterar, deletar)VALUES(29, 1, 1, 1, 1);